000
CXUS51 KPHI 210800
CF6MPO
PRELIMINARY LOCAL CLIMATOLOGICAL DATA (WS FORM: F-6)

                                          STATION:   MOUNT POCONO PA
                                          MONTH:     MAY
                                          YEAR:      2018
                                          LATITUDE:   41  8 N
                                          LONGITUDE:  75 24 W

  TEMPERATURE IN F:       :PCPN:    SNOW:  WIND      :SUNSHINE: SKY     :PK WND
================================================================================
1   2   3   4   5  6A  6B    7    8   9   10  11  12  13   14  15   16   17  18
                                     12Z  AVG MX 2MIN
DY MAX MIN AVG DEP HDD CDD  WTR  SNW DPTH SPD SPD DIR MIN PSBL S-S WX    SPD DR
================================================================================

 1  75  39  57   6   8   0 0.00    M    M 11.4 23 280   M    M   0        30 270
 2  82  52  67  16   0   2 0.00    M    M 12.6 28 220   M    M   0        36 220
 3  84  60  72  20   0   7 0.35    M    M 11.2 40 260   M    M   2 1      51 270
 4  77  59  68  16   0   3 0.05    M    M 14.5 37 280   M    M   7        46 280
 5  70  48  59   7   6   0 0.03    M    M 10.9 24 300   M    M   2        30 320
 6  58  47  53   1  12   0 0.59    M    M  6.5 14  10   M    M   9 1      16  10
 7  66  45  56   3   9   0 0.00    M    M  5.5 12 350   M    M   7 1      15 350
 8  68  43  56   3   9   0 0.00    M    M  4.2 14 150   M    M   M        17 140
 9  74  42  58   5   7   0 0.00    M    M  6.2 14 130   M    M   M        18 150
10  68  49  59   5   6   0 0.51    M    M  9.2 25 300   M    M   5 13     42 290
11  62  47  55   1  10   0 0.02    M    M 10.7 22 270   M    M   4        29 280
12  50  42  46  -8  19   0 0.54    M    M  4.0 10 330   M    M   8 123    15  80
13  47  43  45  -9  20   0 0.26    M    M  5.5 13 110   M    M  10 12     17 100
14  73  47  60   5   5   0    T    M    M  6.4 17 250   M    M   7 1      23 270
15  84  56  70  15   0   5 0.45    M    M 10.2 30 270   M    M   4 13     50 260
16  57  53  55   0  10   0 1.09    M    M  6.8 14  80   M    M   9 12     20  80
17  73  53  63   8   2   0 0.40    M    M  3.1 12 310   M    M   6 1      15 310
18  65  50  58   2   7   0 0.00    M    M  9.2 17  70   M    M   2        28  70
19  61  42  52  -4  13   0 1.17    M    M  7.9 15 210   M    M  10 12     21  90
20  72  54  63   7   2   0 0.02    M    M 13.4 22 280   M    M   7 1      29 320
================================================================================
SM 1366  971       145  17  5.48    M    169.4          M       99
================================================================================
AV 68.3 48.6                               8.5 FASTST   M    M   6    MAX(MPH)
                                 MISC ---->  # 40 260               # 51  270
================================================================================
NOTES:
# LAST OF SEVERAL OCCURRENCES

COLUMN 17 PEAK WIND IN M.P.H.

PRELIMINARY LOCAL CLIMATOLOGICAL DATA (WS FORM: F-6) , PAGE 2

                                          STATION:  MOUNT POCONO PA
                                          MONTH:    MAY
                                          YEAR:     2018
                                          LATITUDE:   41  8 N
                                          LONGITUDE:  75 24 W

[TEMPERATURE DATA]      [PRECIPITATION DATA]       SYMBOLS USED IN COLUMN 16

AVERAGE MONTHLY: 58.4   TOTAL FOR MONTH:   5.48    1 = FOG OR MIST
DPTR FM NORMAL:   4.8   DPTR FM NORMAL:    2.97    2 = FOG REDUCING VISIBILITY
HIGHEST:    84 ON 15, 3 GRTST 24HR  1.17 ON 19-19      TO 1/4 MILE OR LESS
LOWEST:     39 ON  1                               3 = THUNDER
                        SNOW, ICE PELLETS, HAIL    4 = ICE PELLETS
                        TOTAL MONTH:    M          5 = HAIL
                        GRTST 24HR    M  ON   M    6 = FREEZING RAIN OR DRIZZLE
                        GRTST DEPTH:  M  ON   M    7 = DUSTSTORM OR SANDSTORM:
                                                       VSBY 1/2 MILE OR LESS
                                                   8 = SMOKE OR HAZE
[NO. OF DAYS WITH]      [WEATHER - DAYS WITH]      9 = BLOWING SNOW
                                                   X = TORNADO
MAX 32 OR BELOW:   0    0.01 INCH OR MORE:  13
MAX 90 OR ABOVE:   0    0.10 INCH OR MORE:   9
MIN 32 OR BELOW:   0    0.50 INCH OR MORE:   5
MIN  0 OR BELOW:   0    1.00 INCH OR MORE:   2

[HDD (BASE 65) ]
TOTAL THIS MO.   145    CLEAR  (SCALE 0-3)   5
DPTR FM NORMAL   -89    PTCLDY (SCALE 4-7)   8
TOTAL FM JUL 1  6987    CLOUDY (SCALE 8-10)  5
DPTR FM NORMAL    59

[CDD (BASE 65) ]
TOTAL THIS MO.    17
DPTR FM NORMAL    15    [PRESSURE DATA]
TOTAL FM JAN 1    17    HIGHEST SLP M ON M
DPTR FM NORMAL    11    LOWEST  SLP 29.80 ON 15

[REMARKS]
