307
CXUS55 KLIX 251000
CF6MSY
PRELIMINARY LOCAL CLIMATOLOGICAL DATA (WS FORM: F-6)

                                          STATION:   NEW ORLEANS
                                          MONTH:     MAY
                                          YEAR:      2018
                                          LATITUDE:   29 58 N
                                          LONGITUDE:  90 15 W

  TEMPERATURE IN F:       :PCPN:    SNOW:  WIND      :SUNSHINE: SKY     :PK WND
================================================================================
1   2   3   4   5  6A  6B    7    8   9   10  11  12  13   14  15   16   17  18
                                     12Z  AVG MX 2MIN
DY MAX MIN AVG DEP HDD CDD  WTR  SNW DPTH SPD SPD DIR MIN PSBL S-S WX    SPD DR
================================================================================

 1  85  61  73   0   0   8 0.00  0.0    0 11.5 21 160   M    M   5 1      28 140
 2  87  69  78   5   0  13 0.00  0.0    0 10.8 18 110   M    M   4        24 120
 3  84  67  76   2   0  11 0.00  0.0    0 10.8 16 150   M    M   5 1      27 140
 4  85  69  77   3   0  12 0.00  0.0    0  4.8 14 130   M    M   7 18     15 140
 5  82  67  75   1   0  10    T  0.0    0  4.9 17 340   M    M   5 18     24 320
 6  87  67  77   3   0  12 0.00  0.0    0  4.6 12 350   M    M   2        15 330
 7  91  62  77   2   0  12 0.00  0.0    0  4.1 10 320   M    M   2 1      15  30
 8  91  66  79   4   0  14 0.00  0.0    0  4.4  9 330   M    M   2         M  M
 9  90  68  79   4   0  14 0.00  0.0    0  4.8 16 160   M    M   6 8      22 160
10  87  64  76   1   0  11 0.00  0.0    0  5.1 16 150   M    M   2 18     20 160
11  88  68  78   2   0  13 0.00  0.0    0  8.7 17 160   M    M   2 1      25 150
12  88  73  81   5   0  16 0.00  0.0    0  8.2 20 140   M    M   4 3      24 150
13  90  69  80   4   0  15 0.00  0.0    0  3.9 12 360   M    M   1 18     15  30
14  96  72  84   8   0  19 0.00  0.0    0  5.4 13  20   M    M   3 138    17  20
15  97  71  84   7   0  19 0.04  0.0    0  5.3 18 130   M    M   4 138    24 130
16  95  72  84   7   0  19 0.00  0.0    0  6.2 13 320   M    M   6 18     18 320
17  94  73  84   7   0  19 0.00  0.0    0  8.4 16 230   M    M   3 18     22 230
18  92  70  81   4   0  16 0.20  0.0    0  6.7 33 130   M    M   5 138    45 140
19  91  69  80   2   0  15 0.00  0.0    0  6.6 15 160   M    M   4 18     19 150
20  91  75  83   5   0  18 0.00  0.0    0  7.6 14 150   M    M   3 1      19 180
21  88  71  80   2   0  15    T  0.0    0  5.6 16 140   M    M   6 13     24  10
22  90  73  82   4   0  17 0.00  0.0    0  4.6 15 150   M    M   6 13     20 140
23  92  73  83   5   0  18 0.02  0.0    0  5.4 14 170   M    M   3 38     19  80
24  86  73  80   2   0  15 0.20  0.0    0  4.5 17 130   M    M   7 13     20 130
================================================================================
SM 2147 1662         0 351  0.46     0.0 152.9          M       97
================================================================================
AV 89.5 69.3                               6.4 FASTST   M    M   4    MAX(MPH)
                                 MISC ---->  # 33 130               # 45  140
================================================================================
NOTES:
# LAST OF SEVERAL OCCURRENCES

COLUMN 17 PEAK WIND IN M.P.H.

PRELIMINARY LOCAL CLIMATOLOGICAL DATA (WS FORM: F-6) , PAGE 2

                                          STATION:  NEW ORLEANS
                                          MONTH:    MAY
                                          YEAR:     2018
                                          LATITUDE:   29 58 N
                                          LONGITUDE:  90 15 W

[TEMPERATURE DATA]      [PRECIPITATION DATA]       SYMBOLS USED IN COLUMN 16

AVERAGE MONTHLY: 79.4   TOTAL FOR MONTH:   0.46    1 = FOG OR MIST
DPTR FM NORMAL:   3.4   DPTR FM NORMAL:   -2.93    2 = FOG REDUCING VISIBILITY
HIGHEST:    97 ON 15    GRTST 24HR  0.20 ON 24-24      TO 1/4 MILE OR LESS
LOWEST:     61 ON  1                               3 = THUNDER
                        SNOW, ICE PELLETS, HAIL    4 = ICE PELLETS
                        TOTAL MONTH:   0.0 INCH    5 = HAIL
                        GRTST 24HR     0.0         6 = FREEZING RAIN OR DRIZZLE
                        GRTST DEPTH:   0           7 = DUSTSTORM OR SANDSTORM:
                                                       VSBY 1/2 MILE OR LESS
                                                   8 = SMOKE OR HAZE
[NO. OF DAYS WITH]      [WEATHER - DAYS WITH]      9 = BLOWING SNOW
                                                   X = TORNADO
MAX 32 OR BELOW:   0    0.01 INCH OR MORE:   4
MAX 90 OR ABOVE:  13    0.10 INCH OR MORE:   2
MIN 32 OR BELOW:   0    0.50 INCH OR MORE:   0
MIN  0 OR BELOW:   0    1.00 INCH OR MORE:   0

[HDD (BASE 65) ]
TOTAL THIS MO.     0    CLEAR  (SCALE 0-3)   9
DPTR FM NORMAL     0    PTCLDY (SCALE 4-7)  15
TOTAL FM JUL 1  1119    CLOUDY (SCALE 8-10)  0
DPTR FM NORMAL  -160

[CDD (BASE 65) ]
TOTAL THIS MO.   351
DPTR FM NORMAL    90    [PRESSURE DATA]
TOTAL FM JAN 1   706    HIGHEST SLP M ON M
DPTR FM NORMAL   188    LOWEST  SLP 29.77 ON 17

[REMARKS]
