000
CXUS54 KBRO 240900
CF6PIL
PRELIMINARY LOCAL CLIMATOLOGICAL DATA (WS FORM: F-6)

                                          STATION:   BAYVIEW
                                          MONTH:     APRIL
                                          YEAR:      2018
                                          LATITUDE:   26 10 N
                                          LONGITUDE:  97 20 W

  TEMPERATURE IN F:       :PCPN:    SNOW:  WIND      :SUNSHINE: SKY     :PK WND
================================================================================
1   2   3   4   5  6A  6B    7    8   9   10  11  12  13   14  15   16   17  18
                                     12Z  AVG MX 2MIN
DY MAX MIN AVG DEP HDD CDD  WTR  SNW DPTH SPD SPD DIR MIN PSBL S-S WX    SPD DR
================================================================================

 1  88  70  79   7   0  14 0.00  0.0    0 16.1 26 130   M    M   3 18     33 120
 2  87  74  81   9   0  16 0.00  0.0    0 21.7 35 160   M    M   5 8      45 140
 3  86  74  80   8   0  15 0.00  0.0    0 16.1 25 160   M    M   6 18     32 160
 4   M   M   M   M   M   M 0.17    M    0 12.9 21  20   M    M   9 18     36  30
 5  78  65  72  -1   0   7 0.43  0.0    0 11.1 23 130   M    M  10 18     29 110
 6  84  74  79   6   0  14 0.00  0.0    0 17.2 26 160   M    M   8 18     35 160
 7  79  53  66  -7   0   1 0.03  0.0    0 12.7 28 360   M    M  10 18     38  10
 8  70  50  60 -13   5   0 0.00  0.0    0 10.8 21 340   M    M   9 18     25 330
 9  81  69  75   1   0  10 0.00  0.0    0 11.2 21  30   M    M   8 18     25  30
10  74  59  67  -7   0   2 0.06  0.0    0 12.3 25  20   M    M   7 18     33  20
11  81  56  69  -5   0   4 0.00  0.0    0 10.8 21 100   M    M   0        26 110
12  84  68  76   2   0  11 0.00  0.0    0 18.7 29 150   M    M   6 18     37 150
13  89  75  82   8   0  17 0.00  0.0    0 21.4 28 180   M    M   9 18     45 180
14  79  57  68  -6   0   3 0.13    M    M 18.8 32 360   M    M   M        42  20
15  81  51  66  -9   0   1 0.00  0.0    0   M  18  80   M    M   M        24  90
16  85  59  72  -3   0   7 0.00  0.0    M 15.3 26 150   M    M   0        36 140
17  85  68  77   2   0  12 0.00  0.0    0 20.5 33 150   M    M   0        43 150
18  86  71  79   4   0  14 0.00  0.0    0 15.9 26 160   M    M   3 8      33 160
19  81  70  76   1   0  11 0.00  0.0    0 11.3 24  70   M    M   4 18     31  60
20  81  70  76   0   0  11 0.00  0.0    0 14.2 24 110   M    M   4        29 120
21  82  72  77   1   0  12 0.01  0.0    0 16.5 29 140   M    M   7 18     36 140
22  79  70  75  -1   0  10 0.00  0.0    0  9.7 18  40   M    M   5 18     23  50
23  80  68  74  -2   0   9 0.00  0.0    0 10.5 17  70   M    M   5        22  50
================================================================================
SM 1800 1443         5 201  0.83     0.0 325.7          M      118
================================================================================
AV 81.8 65.6                              14.8 FASTST   M    M   6    MAX(MPH)
                                 MISC ---->  # 35 160               # 45  140
================================================================================
NOTES:
# LAST OF SEVERAL OCCURRENCES

COLUMN 17 PEAK WIND IN M.P.H.

PRELIMINARY LOCAL CLIMATOLOGICAL DATA (WS FORM: F-6) , PAGE 2

                                          STATION:  BAYVIEW
                                          MONTH:    APRIL
                                          YEAR:     2018
                                          LATITUDE:   26 10 N
                                          LONGITUDE:  97 20 W

[TEMPERATURE DATA]      [PRECIPITATION DATA]       SYMBOLS USED IN COLUMN 16

AVERAGE MONTHLY: 73.7   TOTAL FOR MONTH:   0.83    1 = FOG OR MIST
DPTR FM NORMAL:  -0.4   DPTR FM NORMAL:   -0.38    2 = FOG REDUCING VISIBILITY
HIGHEST:    89 ON 13    GRTST 24HR  0.43 ON  5- 5      TO 1/4 MILE OR LESS
LOWEST:     50 ON  8                               3 = THUNDER
                        SNOW, ICE PELLETS, HAIL    4 = ICE PELLETS
                        TOTAL MONTH:   0.0 INCH    5 = HAIL
                        GRTST 24HR     0.0         6 = FREEZING RAIN OR DRIZZLE
                        GRTST DEPTH:   0           7 = DUSTSTORM OR SANDSTORM:
                                                       VSBY 1/2 MILE OR LESS
                                                   8 = SMOKE OR HAZE
[NO. OF DAYS WITH]      [WEATHER - DAYS WITH]      9 = BLOWING SNOW
                                                   X = TORNADO
MAX 32 OR BELOW:   0    0.01 INCH OR MORE:   6
MAX 90 OR ABOVE:   0    0.10 INCH OR MORE:   3
MIN 32 OR BELOW:   0    0.50 INCH OR MORE:   0
MIN  0 OR BELOW:   0    1.00 INCH OR MORE:   0

[HDD (BASE 65) ]
TOTAL THIS MO.     5    CLEAR  (SCALE 0-3)   4
DPTR FM NORMAL    -1    PTCLDY (SCALE 4-7)  12
TOTAL FM JUL 1   590    CLOUDY (SCALE 8-10)  5
DPTR FM NORMAL    44

[CDD (BASE 65) ]
TOTAL THIS MO.   201
DPTR FM NORMAL   -15    [PRESSURE DATA]
TOTAL FM JAN 1   696    HIGHEST SLP 30.21 ON 11
DPTR FM NORMAL   199    LOWEST  SLP 29.62 ON M

[REMARKS]
