000
CXUS55 KALY 280710
CF6POU
PRELIMINARY LOCAL CLIMATOLOGICAL DATA (WS FORM: F-6)

                                          STATION:   POUGHKEEPSIE NY
                                          MONTH:     MAY
                                          YEAR:      2018
                                          LATITUDE:   41 37 N
                                          LONGITUDE:  73 53 W

  TEMPERATURE IN F:       :PCPN:    SNOW:  WIND      :SUNSHINE: SKY     :PK WND
================================================================================
1   2   3   4   5  6A  6B    7    8   9   10  11  12  13   14  15   16   17  18
                                     12Z  AVG MX 2MIN
DY MAX MIN AVG DEP HDD CDD  WTR  SNW DPTH SPD SPD DIR MIN PSBL S-S WX    SPD DR
================================================================================

 1  78  38  58   4   7   0 0.00    M    M  1.7 12 330   M    M   3        15 250
 2  89  46  68  13   0   3 0.00    M    M  8.0 20 220   M    M   0        29 250
 3  89  60  75  20   0  10 0.23    M    M  5.0 28 250   M    M   3 18     38 250
 4  83  66  75  20   0  10 0.03    M    M  8.9 31 270   M    M   5        41 270
 5  76  55  66  10   0   1 0.00    M    M  6.8 20 300   M    M   0        30 290
 6  66  52  59   3   6   0 0.06    M    M  4.3 15 360   M    M  10 1      19  10
 7  70  48  59   3   6   0 0.00    M    M  4.5 16 340   M    M   6 12     23  10
 8  76  44  60   4   5   0 0.00    M    M  1.9 13 140   M    M   2        16 220
 9  79  46  63   6   2   0 0.00    M    M  3.0 15 140   M    M   1        21 140
10  72  48  60   3   5   0 0.42    M    M  5.2 15 150   M    M   3 123    21 140
11  70  49  60   3   5   0 0.00    M    M  4.3 13  10   M    M   3 12     17 350
12  52  46  49  -9  16   0 0.20    M    M  3.2  9  10   M    M  10 18     12  10
13  55  48  52  -6  13   0 0.02    M    M  2.6  8 110   M    M  10 18     12 110
14  76  51  64   6   1   0 0.00    M    M  2.8 12 170   M    M   6 1      16 170
15  89  54  72  14   0   7 1.21    M    M  4.3 38 320   M    M   2 138    54 340
16  66  53  60   1   5   0 0.03    M    M  2.5 12 120   M    M   8 12     14 120
17  74  57  66   7   0   1 0.10    M    M  0.6  7 240   M    M   5 1       9 240
18  71  51  61   2   4   0 0.00    M    M  6.5 14 100   M    M   0        18  30
19  56  47  52  -8  13   0 0.59    M    M  2.1  9 360   M    M   9 1      13 320
20  78  54  66   6   0   1 0.04    M    M  5.3 15 280   M    M   7 1      20 290
21  78  47  63   3   2   0 0.00    M    M  3.0 13  20   M    M   0 18     17  20
22  66  54  60  -1   5   0 0.07    M    M  2.4  8 190   M    M   7 13     14 180
23  82  55  69   8   0   4 0.06    M    M  5.1 15 310   M    M   4 13     22 360
24  82  49  66   5   0   1 0.00    M    M  2.5 14  10   M    M   0 1      16 350
25  88  51  70   9   0   5 0.00    M    M  5.4 18 240   M    M   0        23 240
26  88  61  75  13   0  10 0.00    M    M  4.5 16 230   M    M   0        22 220
27  70  54  62   0   3   0 0.05    M    M  6.0 14  90   M    M   8        18  90
================================================================================
SM 2019 1384        98  53  3.11    M    112.4          M      112
================================================================================
AV 74.8 51.3                               4.2 FASTST   M    M   4    MAX(MPH)
                                 MISC ---->  # 38 320               # 54  340
================================================================================
NOTES:
# LAST OF SEVERAL OCCURRENCES

COLUMN 17 PEAK WIND IN M.P.H.

PRELIMINARY LOCAL CLIMATOLOGICAL DATA (WS FORM: F-6) , PAGE 2

                                          STATION:  POUGHKEEPSIE NY
                                          MONTH:    MAY
                                          YEAR:     2018
                                          LATITUDE:   41 37 N
                                          LONGITUDE:  73 53 W

[TEMPERATURE DATA]      [PRECIPITATION DATA]       SYMBOLS USED IN COLUMN 16

AVERAGE MONTHLY: 63.0   TOTAL FOR MONTH:   3.11    1 = FOG OR MIST
DPTR FM NORMAL:   4.8   DPTR FM NORMAL:   -0.68    2 = FOG REDUCING VISIBILITY
HIGHEST:    89 ON 15, 3 GRTST 24HR  1.21 ON 15-15      TO 1/4 MILE OR LESS
LOWEST:     38 ON  1                               3 = THUNDER
                        SNOW, ICE PELLETS, HAIL    4 = ICE PELLETS
                        TOTAL MONTH:    M          5 = HAIL
                        GRTST 24HR    M  ON   M    6 = FREEZING RAIN OR DRIZZLE
                        GRTST DEPTH:  M  ON   M    7 = DUSTSTORM OR SANDSTORM:
                                                       VSBY 1/2 MILE OR LESS
                                                   8 = SMOKE OR HAZE
[NO. OF DAYS WITH]      [WEATHER - DAYS WITH]      9 = BLOWING SNOW
                                                   X = TORNADO
MAX 32 OR BELOW:   0    0.01 INCH OR MORE:  14
MAX 90 OR ABOVE:   0    0.10 INCH OR MORE:   6
MIN 32 OR BELOW:   0    0.50 INCH OR MORE:   2
MIN  0 OR BELOW:   0    1.00 INCH OR MORE:   1

[HDD (BASE 65) ]
TOTAL THIS MO.    98    CLEAR  (SCALE 0-3)  13
DPTR FM NORMAL  -109    PTCLDY (SCALE 4-7)   9
TOTAL FM JUL 1  5903    CLOUDY (SCALE 8-10)  5
DPTR FM NORMAL  -243

[CDD (BASE 65) ]
TOTAL THIS MO.    53
DPTR FM NORMAL    29    [PRESSURE DATA]
TOTAL FM JAN 1    53    HIGHEST SLP M ON M
DPTR FM NORMAL    24    LOWEST  SLP 29.58 ON  4

[REMARKS]
