000
CXUS55 KABQ 231000
CF6ROW
PRELIMINARY LOCAL CLIMATOLOGICAL DATA (WS FORM: F-6)

                                          STATION:   ROSWELL NM
                                          MONTH:     APRIL
                                          YEAR:      2018
                                          LATITUDE:   33 17 N
                                          LONGITUDE: 104 32 W

  TEMPERATURE IN F:       :PCPN:    SNOW:  WIND      :SUNSHINE: SKY     :PK WND
================================================================================
1   2   3   4   5  6A  6B    7    8   9   10  11  12  13   14  15   16   17  18
                                     12Z  AVG MX 2MIN
DY MAX MIN AVG DEP HDD CDD  WTR  SNW DPTH SPD SPD DIR MIN PSBL S-S WX    SPD DR
================================================================================

 1  86  48  67  10   0   2 0.00  0.0    0  7.9 22 140   M    M   0        27 140
 2  88  45  67  10   0   2 0.00  0.0    0  9.7 30 260   M    M   0        39 230
 3  81  46  64   7   1   0 0.00  0.0    0 12.2 23  60   M    M   0        29  50
 4  68  36  52  -5  13   0 0.00  0.0    0 14.1 25 170   M    M   0        31 170
 5  85  40  63   5   2   0 0.00  0.0    0  6.7 21 160   M    M   0        26 160
 6  85  37  61   3   4   0 0.00  0.0    0  7.9 29  50   M    M   0 8      35  50
 7  60  34  47 -11  18   0 0.00  0.0    0  8.9 17 160   M    M   2        23 210
 8  95  40  68  10   0   3 0.00  0.0    0 12.0 25 300   M    M   0        32 300
 9  82  44  63   4   2   0 0.00  0.0    0  9.4 21  60   M    M   0        28  70
10  77  43  60   1   5   0 0.00  0.0    0  9.4 21 180   M    M   1        30 140
11  96  50  73  14   0   8 0.00  0.0    0 11.3 25 270   M    M   0        34 240
12  94  54  74  14   0   9 0.00  0.0    0 17.8 36 230   M    M   0        45 230
13  76  43  60   0   5   0 0.00  0.0    0 21.3 46 260   M    M   2 8      55 270
14  67  35  51  -9  14   0 0.00  0.0    0  6.0 17 140   M    M   0        23 130
15  75  40  58  -2   7   0 0.00  0.0    0  6.6 16 130   M    M   0        21 130
16  92  40  66   5   0   1 0.00  0.0    0 12.2 30 210   M    M   0        37 220
17  92  48  70   9   0   5 0.00  0.0    0 15.9 38 250   M    M   0        47 250
18  73  43  58  -3   7   0 0.00  0.0    0  7.7 20 360   M    M   0        24 360
19  76  45  61  -1   4   0 0.00  0.0    0 13.2 29 160   M    M   2        39 140
20  86  54  70   8   0   5 0.00  0.0    0 20.2 44 240   M    M   1 8      53 260
21  76  44  60  -2   5   0 0.00  0.0    0 11.8 26 340   M    M   1        31 340
22  73  40  57  -6   8   0 0.00  0.0    0  6.3 16 140   M    M   0        21 160
================================================================================
SM 1783  949        95  35  0.00     0.0 248.5          M        9
================================================================================
AV 81.1 43.1                              11.3 FASTST   M    M   0    MAX(MPH)
                                 MISC ---->  # 46 260               # 55  270
================================================================================
NOTES:
# LAST OF SEVERAL OCCURRENCES

COLUMN 17 PEAK WIND IN M.P.H.

PRELIMINARY LOCAL CLIMATOLOGICAL DATA (WS FORM: F-6) , PAGE 2

                                          STATION:  ROSWELL NM
                                          MONTH:    APRIL
                                          YEAR:     2018
                                          LATITUDE:   33 17 N
                                          LONGITUDE: 104 32 W

[TEMPERATURE DATA]      [PRECIPITATION DATA]       SYMBOLS USED IN COLUMN 16

AVERAGE MONTHLY: 62.1   TOTAL FOR MONTH:   0.00    1 = FOG OR MIST
DPTR FM NORMAL:   2.6   DPTR FM NORMAL:   -0.40    2 = FOG REDUCING VISIBILITY
HIGHEST:    96 ON 11    GRTST 24HR  0.00 ON 22-22      TO 1/4 MILE OR LESS
LOWEST:     34 ON  7                               3 = THUNDER
                        SNOW, ICE PELLETS, HAIL    4 = ICE PELLETS
                        TOTAL MONTH:   0.0 INCH    5 = HAIL
                        GRTST 24HR     0.0         6 = FREEZING RAIN OR DRIZZLE
                        GRTST DEPTH:   0           7 = DUSTSTORM OR SANDSTORM:
                                                       VSBY 1/2 MILE OR LESS
                                                   8 = SMOKE OR HAZE
[NO. OF DAYS WITH]      [WEATHER - DAYS WITH]      9 = BLOWING SNOW
                                                   X = TORNADO
MAX 32 OR BELOW:   0    0.01 INCH OR MORE:   0
MAX 90 OR ABOVE:   5    0.10 INCH OR MORE:   0
MIN 32 OR BELOW:   0    0.50 INCH OR MORE:   0
MIN  0 OR BELOW:   0    1.00 INCH OR MORE:   0

[HDD (BASE 65) ]
TOTAL THIS MO.    95    CLEAR  (SCALE 0-3)  22
DPTR FM NORMAL   -43    PTCLDY (SCALE 4-7)   0
TOTAL FM JUL 1  2725    CLOUDY (SCALE 8-10)  0
DPTR FM NORMAL  -507

[CDD (BASE 65) ]
TOTAL THIS MO.    35
DPTR FM NORMAL    16    [PRESSURE DATA]
TOTAL FM JAN 1    52    HIGHEST SLP M ON M
DPTR FM NORMAL    30    LOWEST  SLP 29.38 ON 12

[REMARKS]
