000
CXUS53 KILX 260900
CF6SPI
PRELIMINARY LOCAL CLIMATOLOGICAL DATA (WS FORM: F-6)

                                          STATION:   SPRINGFIELD IL
                                          MONTH:     MAY
                                          YEAR:      2018
                                          LATITUDE:   39 50 N
                                          LONGITUDE:  89 41 W

  TEMPERATURE IN F:       :PCPN:    SNOW:  WIND      :SUNSHINE: SKY     :PK WND
================================================================================
1   2   3   4   5  6A  6B    7    8   9   10  11  12  13   14  15   16   17  18
                                     12Z  AVG MX 2MIN
DY MAX MIN AVG DEP HDD CDD  WTR  SNW DPTH SPD SPD DIR MIN PSBL S-S WX    SPD DR
================================================================================

 1  88  58  73  14   0   8 0.00  0.0    0 17.8 26 190   M    M   0        35 200
 2  90  68  79  20   0  14 0.00  0.0    0 16.3 25 190   M    M   3        31 200
 3  78  66  72  12   0   7 0.72  0.0    0 12.6 36 270   M    M   7 13     42 270
 4  76  57  67   7   0   2    T  0.0    0  9.2 22 300   M    M   2        27 290
 5  84  51  68   8   0   3 0.00  0.0    0  4.0 10 350   M    M   1 1      14 320
 6  85  57  71  10   0   6 0.05  0.0    0  8.2 17  80   M    M   3 38     24  70
 7  80  51  66   5   0   1 0.00  0.0    0  5.8 16  60   M    M   0        21  70
 8  83  50  67   6   0   2 0.00  0.0    0  9.2 20 150   M    M   0        24 160
 9  87  63  75  13   0  10 0.18  0.0    0 13.8 31 270   M    M   3 13     38 260
10  89  55  72  10   0   7 0.00  0.0    0  3.5  9 130   M    M   1        14 150
11  89  62  76  14   0  11 0.00  0.0    0 11.1 26 190   M    M   0        36 180
12  82  62  72  10   0   7    T  0.0    0  9.4 20  30   M    M   4        27  30
13  92  58  75  12   0  10 0.00  0.0    0  7.3 20  20   M    M   2 18     28  20
14  93  67  80  17   0  15 0.01  0.0    0  8.9 32 270   M    M   2 8      42 260
15  81  63  72   9   0   7 0.36  0.0    0  6.5 22  20   M    M   3 13     30  30
16  86  58  72   8   0   7 0.00  0.0    0  7.3 16  50   M    M   3 18     21  50
17  88  60  74  10   0   9 0.00  0.0    0  9.6 20 110   M    M   0        27  90
18  81  64  73   9   0   8 0.10  0.0    0  6.2 16  90   M    M   7 1      21  90
19  86  65  76  11   0  11 0.00  0.0    0  6.0 20 220   M    M   5 128    28 220
20  82  63  73   8   0   8 0.07  0.0    0  6.3 24 260   M    M   2 1      32 270
21  81  62  72   7   0   7 0.07  0.0    0  7.1 14 210   M    M   7 13     18 200
22  85  63  74   8   0   9 0.00  0.0    0  4.9 15 320   M    M   2 12     22 310
23  88  61  75   9   0  10 0.00  0.0    0  4.8 13  70   M    M   0        18  60
24  90  62  76  10   0  11 0.00  0.0    0  5.4 14 120   M    M   0        19 140
25  91  66  79  13   0  14 0.28  0.0    0  7.9 23 250   M    M   3 13     33 310
================================================================================
SM 2135 1512         0 204  1.84     0.0 209.1          M       60
================================================================================
AV 85.4 60.5                               8.4 FASTST   M    M   2    MAX(MPH)
                                 MISC ---->  # 36 270               # 42  270
================================================================================
NOTES:
# LAST OF SEVERAL OCCURRENCES

COLUMN 17 PEAK WIND IN M.P.H.

PRELIMINARY LOCAL CLIMATOLOGICAL DATA (WS FORM: F-6) , PAGE 2

                                          STATION:  SPRINGFIELD IL
                                          MONTH:    MAY
                                          YEAR:     2018
                                          LATITUDE:   39 50 N
                                          LONGITUDE:  89 41 W

[TEMPERATURE DATA]      [PRECIPITATION DATA]       SYMBOLS USED IN COLUMN 16

AVERAGE MONTHLY: 72.9   TOTAL FOR MONTH:   1.84    1 = FOG OR MIST
DPTR FM NORMAL:  10.2   DPTR FM NORMAL:   -1.55    2 = FOG REDUCING VISIBILITY
HIGHEST:    93 ON 14    GRTST 24HR  0.72 ON  3- 3      TO 1/4 MILE OR LESS
LOWEST:     50 ON  8                               3 = THUNDER
                        SNOW, ICE PELLETS, HAIL    4 = ICE PELLETS
                        TOTAL MONTH:   0.0 INCH    5 = HAIL
                        GRTST 24HR     0.0         6 = FREEZING RAIN OR DRIZZLE
                        GRTST DEPTH:   0           7 = DUSTSTORM OR SANDSTORM:
                                                       VSBY 1/2 MILE OR LESS
                                                   8 = SMOKE OR HAZE
[NO. OF DAYS WITH]      [WEATHER - DAYS WITH]      9 = BLOWING SNOW
                                                   X = TORNADO
MAX 32 OR BELOW:   0    0.01 INCH OR MORE:   9
MAX 90 OR ABOVE:   5    0.10 INCH OR MORE:   5
MIN 32 OR BELOW:   0    0.50 INCH OR MORE:   1
MIN  0 OR BELOW:   0    1.00 INCH OR MORE:   0

[HDD (BASE 65) ]
TOTAL THIS MO.     0    CLEAR  (SCALE 0-3)  18
DPTR FM NORMAL  -114    PTCLDY (SCALE 4-7)   7
TOTAL FM JUL 1  5245    CLOUDY (SCALE 8-10)  0
DPTR FM NORMAL  -214

[CDD (BASE 65) ]
TOTAL THIS MO.   204
DPTR FM NORMAL   146    [PRESSURE DATA]
TOTAL FM JAN 1   214    HIGHEST SLP M ON M
DPTR FM NORMAL   136    LOWEST  SLP 29.65 ON  9

[REMARKS]
