000
CXUS54 KFWD 230730
CF6TRL
PRELIMINARY LOCAL CLIMATOLOGICAL DATA (WS FORM: F-6)

                                          STATION:   TERRELL
                                          MONTH:     APRIL
                                          YEAR:      2018
                                          LATITUDE:   32 42 N
                                          LONGITUDE:  96 16 W

  TEMPERATURE IN F:       :PCPN:    SNOW:  WIND      :SUNSHINE: SKY     :PK WND
================================================================================
1   2   3   4   5  6A  6B    7    8   9   10  11  12  13   14  15   16   17  18
                                     12Z  AVG MX 2MIN
DY MAX MIN AVG DEP HDD CDD  WTR  SNW DPTH SPD SPD DIR MIN PSBL S-S WX    SPD DR
================================================================================

 1  76  45  61   0   4   0 0.00  0.0    0 10.3 21 350   M    M   8        26 360
 2  61  43  52  -9  13   0    T  0.0    0  4.3 13 360   M    M   7 1      15 360
 3  76  51  64   3   1   0 0.10  0.0    0 15.3 26 200   M    M   6 3      35 210
 4  64  41  53  -9  12   0 0.00  0.0    0  8.1 16  20   M    M   0        21  30
 5  72  47  60  -2   5   0 0.00  0.0    0 11.2 21 160   M    M   7        27 140
 6  83  52  68   6   0   3 0.13  0.0    0 13.0 28  20   M    M   8 13     41  20
 7  52  35  44 -18  21   0    T  0.0    0 14.2 23 350   M    M  10 18     32 340
 8  56  38  47 -16  18   0 0.00  0.0    0  5.4 13 100   M    M   9        16 110
 9  69  45  57  -6   8   0 0.00  0.0    0  5.3 15  20   M    M   4        19  40
10  71  47  59  -4   6   0 0.00  0.0    0  6.6 17  40   M    M   0        22  40
11  79  43  61  -3   4   0 0.00  0.0    0 10.5 24 180   M    M   0        32 170
12  83  60  72   8   0   7 0.00  0.0    0 18.1 30 170   M    M   4        41 170
13  82  60  71   7   0   6 0.28  0.0    0 15.7 36 130   M    M   7 13     46 130
14  65  46  56  -8   9   0 0.00  0.0    0 14.7 26 280   M    M   1        36 320
15  62  38  50 -14  15   0 0.00  0.0    0 11.1 22 320   M    M   0        30 330
16  79  36  58  -7   7   0 0.00  0.0    0  8.6 22 170   M    M   0        27 170
17  84  55  70   5   0   5 0.00  0.0    0 17.3 29 170   M    M   1        39 190
18  80  51  66   1   0   1 0.00  0.0    0 12.1 23 350   M    M   3        31 360
19  70  45  58  -8   7   0 0.00  0.0    0  8.5 20  20   M    M   0        25  20
20  70  46  58  -8   7   0 0.00  0.0    0  9.3 17  90   M    M   0        23  90
21  66  50  58  -8   7   0 0.44  0.0    0  8.7 22 150   M    M   7 13     32 330
22  68  52  60  -6   5   0 0.00  0.0    0 11.4 21 310   M    M   7        33 290
================================================================================
SM 1568 1026       149  22  0.95     0.0 239.7          M       89
================================================================================
AV 71.3 46.6                              10.9 FASTST   M    M   4    MAX(MPH)
                                 MISC ---->  # 36 130               # 46  130
================================================================================
NOTES:
# LAST OF SEVERAL OCCURRENCES

COLUMN 17 PEAK WIND IN M.P.H.

PRELIMINARY LOCAL CLIMATOLOGICAL DATA (WS FORM: F-6) , PAGE 2

                                          STATION:  TERRELL
                                          MONTH:    APRIL
                                          YEAR:     2018
                                          LATITUDE:   32 42 N
                                          LONGITUDE:  96 16 W

[TEMPERATURE DATA]      [PRECIPITATION DATA]       SYMBOLS USED IN COLUMN 16

AVERAGE MONTHLY: 59.0   TOTAL FOR MONTH:   0.95    1 = FOG OR MIST
DPTR FM NORMAL:  -4.6   DPTR FM NORMAL:   -1.34    2 = FOG REDUCING VISIBILITY
HIGHEST:    84 ON 17    GRTST 24HR  0.44 ON 21-21      TO 1/4 MILE OR LESS
LOWEST:     35 ON  7                               3 = THUNDER
                        SNOW, ICE PELLETS, HAIL    4 = ICE PELLETS
                        TOTAL MONTH:   0.0 INCH    5 = HAIL
                        GRTST 24HR     0.0         6 = FREEZING RAIN OR DRIZZLE
                        GRTST DEPTH:   0           7 = DUSTSTORM OR SANDSTORM:
                                                       VSBY 1/2 MILE OR LESS
                                                   8 = SMOKE OR HAZE
[NO. OF DAYS WITH]      [WEATHER - DAYS WITH]      9 = BLOWING SNOW
                                                   X = TORNADO
MAX 32 OR BELOW:   0    0.01 INCH OR MORE:   4
MAX 90 OR ABOVE:   0    0.10 INCH OR MORE:   4
MIN 32 OR BELOW:   0    0.50 INCH OR MORE:   0
MIN  0 OR BELOW:   0    1.00 INCH OR MORE:   0

[HDD (BASE 65) ]
TOTAL THIS MO.   149    CLEAR  (SCALE 0-3)  10
DPTR FM NORMAL    64    PTCLDY (SCALE 4-7)   9
TOTAL FM JUL 1  2226    CLOUDY (SCALE 8-10)  3
DPTR FM NORMAL  -112

[CDD (BASE 65) ]
TOTAL THIS MO.    22
DPTR FM NORMAL   -33    [PRESSURE DATA]
TOTAL FM JAN 1    87    HIGHEST SLP M ON M
DPTR FM NORMAL     2    LOWEST  SLP 29.42 ON 13

[REMARKS]
