000
CXUS55 KVEF 260940
CF6VGT
PRELIMINARY LOCAL CLIMATOLOGICAL DATA (WS FORM: F-6)

                                          STATION:   NORTH_LAS_VEGAS NV
                                          MONTH:     APRIL
                                          YEAR:      2018
                                          LATITUDE:   36 12 N
                                          LONGITUDE: 115 12 W

  TEMPERATURE IN F:       :PCPN:    SNOW:  WIND      :SUNSHINE: SKY     :PK WND
================================================================================
1   2   3   4   5  6A  6B    7    8   9   10  11  12  13   14  15   16   17  18
                                     12Z  AVG MX 2MIN
DY MAX MIN AVG DEP HDD CDD  WTR  SNW DPTH SPD SPD DIR MIN PSBL S-S WX    SPD DR
================================================================================

 1  85  64  75  13   0  10 0.00  0.0    0  6.6 15 200   M    M   0        19 180
 2  84  55  70   7   0   5 0.00  0.0    0  6.6 20 340   M    M   0        23 340
 3  74  56  65   2   0   0 0.00  0.0    0  7.9 23  70   M    M   0        27  70
 4  81  52  67   4   0   2 0.00  0.0    0  4.3  9 100   M    M   0        12 100
 5  85  59  72   8   0   7 0.00  0.0    0  5.3 13 160   M    M   0        19 160
 6  88  64  76  12   0  11 0.00  0.0    0  6.9 18  10   M    M   1        22  20
 7  92  64  78  14   0  13 0.00  0.0    0 12.0 33 250   M    M   1 3      42 250
 8  84  61  73   9   0   8 0.00  0.0    0 14.0 29 320   M    M   0        34 320
 9  82  63  73   9   0   8 0.00  0.0    0  9.4 20 350   M    M   0        25 350
10  87  57  72   7   0   7 0.00  0.0    0  5.8 17 250   M    M   0        22 250
11  92  72  82  17   0  17 0.00  0.0    0 16.7 32 210   M    M   0        44 200
12  72  55  64  -1   1   0 0.00  0.0    0 25.6 39 230   M    M   0        55 330
13  72  51  62  -4   3   0 0.00  0.0    0 13.5 28 330   M    M   0        36 330
14  77  51  64  -2   1   0 0.00  0.0    0  3.6  9 150   M    M   0        11 150
15  83  55  69   3   0   4 0.00  0.0    0  7.3 20 240   M    M   0        25 240
16  80  51  66   0   0   1 0.00  0.0    0 22.3 39 240   M    M   0        50 230
17  69  48  59  -8   6   0 0.00  0.0    0  9.4 33 340   M    M   0        43 330
18  75  48  62  -5   3   0 0.00  0.0    0  6.5 20 160   M    M   0        24 160
19  69  54  62  -5   3   0    T  0.0    0 15.0 33 220   M    M   3        41 340
20  83  54  69   1   0   4 0.00  0.0    0 16.5 33 320   M    M   1        43 330
21  85  55  70   2   0   5 0.00  0.0    0  3.9 10 260   M    M   0        12 260
22  89  60  75   7   0  10 0.00  0.0    0  5.5 13 120   M    M   0        19 160
23  93  61  77   8   0  12 0.00  0.0    0  6.0 20 220   M    M   0        26 200
24  91  66  79  10   0  14 0.00  0.0    0  4.1 14 140   M    M   0        18 110
25  91  65  78   9   0  13 0.00  0.0    0  5.2 15 120   M    M   0        20 130
================================================================================
SM 2063 1441        17 151    T      0.0 239.9          M        6
================================================================================
AV 82.5 57.6                               9.6 FASTST   M    M   0    MAX(MPH)
                                 MISC ---->  # 39 230               # 55  330
================================================================================
NOTES:
# LAST OF SEVERAL OCCURRENCES

COLUMN 17 PEAK WIND IN M.P.H.

PRELIMINARY LOCAL CLIMATOLOGICAL DATA (WS FORM: F-6) , PAGE 2

                                          STATION:  NORTH_LAS_VEGAS NV
                                          MONTH:    APRIL
                                          YEAR:     2018
                                          LATITUDE:   36 12 N
                                          LONGITUDE: 115 12 W

[TEMPERATURE DATA]      [PRECIPITATION DATA]       SYMBOLS USED IN COLUMN 16

AVERAGE MONTHLY: 70.1   TOTAL FOR MONTH:      T    1 = FOG OR MIST
DPTR FM NORMAL:   4.4   DPTR FM NORMAL:   -0.29    2 = FOG REDUCING VISIBILITY
HIGHEST:    93 ON 23    GRTST 24HR    T  ON 19-19      TO 1/4 MILE OR LESS
LOWEST:     48 ON 18,17                            3 = THUNDER
                        SNOW, ICE PELLETS, HAIL    4 = ICE PELLETS
                        TOTAL MONTH:   0.0 INCH    5 = HAIL
                        GRTST 24HR     0.0         6 = FREEZING RAIN OR DRIZZLE
                        GRTST DEPTH:   0           7 = DUSTSTORM OR SANDSTORM:
                                                       VSBY 1/2 MILE OR LESS
                                                   8 = SMOKE OR HAZE
[NO. OF DAYS WITH]      [WEATHER - DAYS WITH]      9 = BLOWING SNOW
                                                   X = TORNADO
MAX 32 OR BELOW:   0    0.01 INCH OR MORE:   0
MAX 90 OR ABOVE:   5    0.10 INCH OR MORE:   0
MIN 32 OR BELOW:   0    0.50 INCH OR MORE:   0
MIN  0 OR BELOW:   0    1.00 INCH OR MORE:   0

[HDD (BASE 65) ]
TOTAL THIS MO.    17    CLEAR  (SCALE 0-3)  25
DPTR FM NORMAL   -42    PTCLDY (SCALE 4-7)   0
TOTAL FM JUL 1  1472    CLOUDY (SCALE 8-10)  0
DPTR FM NORMAL  -563

[CDD (BASE 65) ]
TOTAL THIS MO.   151
DPTR FM NORMAL    75    [PRESSURE DATA]
TOTAL FM JAN 1   166    HIGHEST SLP M ON M
DPTR FM NORMAL    68    LOWEST  SLP 29.54 ON 11

[REMARKS]
