000
CXUS52 KMLB 210633
CF6VRB
PRELIMINARY LOCAL CLIMATOLOGICAL DATA (WS FORM: F-6)

                                          STATION:   VERO BEACH
                                          MONTH:     APRIL
                                          YEAR:      2018
                                          LATITUDE:   27 39 N
                                          LONGITUDE:  80 25 W

  TEMPERATURE IN F:       :PCPN:    SNOW:  WIND      :SUNSHINE: SKY     :PK WND
================================================================================
1   2   3   4   5  6A  6B    7    8   9   10  11  12  13   14  15   16   17  18
                                     12Z  AVG MX 2MIN
DY MAX MIN AVG DEP HDD CDD  WTR  SNW DPTH SPD SPD DIR MIN PSBL S-S WX    SPD DR
================================================================================

 1  80  63  72   3   0   7 0.00  0.0    0  6.0 13 100   M    M   4 1      18  70
 2  84  62  73   4   0   8 0.00  0.0    0  7.9 16 110   M    M   1        20 100
 3  83  63  73   4   0   8 0.00  0.0    0 10.0 18 130   M    M   2        24 100
 4  88  61  75   6   0  10 0.00  0.0    0  7.5 16 270   M    M   2 1      19 270
 5  80  65  73   4   0   8 0.00  0.0    0 10.8 20  10   M    M   1        24  10
 6  82  69  76   6   0  11 0.00  0.0    0 10.8 17 120   M    M   2        25  90
 7  90  67  79   9   0  14 0.49  0.0    0  9.9 22 200   M    M   1 13     29 210
 8  80  66  73   3   0   8    T  0.0    0  7.4 20 260   M    M   7 1      23 260
 9  92  68  80  10   0  15 0.02  0.0    0  8.6 24 240   M    M   3 1      32 250
10  88  65  77   7   0  12 0.54  0.0    0  8.1 35 300   M    M   4 13     44 300
11  75  64  70   0   0   5    T  0.0    0 12.0 23 350   M    M   5 1      30 360
12  81  55  68  -2   0   3 0.00  0.0    0  9.9 20 120   M    M   3        24 120
13  81  69  75   5   0  10 0.00  0.0    0 10.2 16 120   M    M   3        21 120
14  85  66  76   6   0  11 0.02  0.0    0 11.9 24 130   M    M   4 1      31 120
15  88  67  78   7   0  13 1.41  0.0    0 16.6 43 260   M    M   5 1238   62 260
16  75  55  65  -6   0   0 0.00  0.0    0 11.1 22 270   M    M   1        26 280
17  75  50  63  -8   2   0 0.00  0.0    0  6.4 15  40   M    M   0 1      20  30
18  81  49  65  -6   0   0 0.00  0.0    0  6.6 14 130   M    M   0        17 100
19  88  60  74   3   0   9 0.00  0.0    0  8.0 18 120   M    M   0 8      22 120
20  81  59  70  -1   0   5 0.00  0.0    0  6.7 14  70   M    M   1 1      17  50
================================================================================
SM 1657 1243         2 157  2.48     0.0 186.4          M       49
================================================================================
AV 82.9 62.2                               9.3 FASTST   M    M   2    MAX(MPH)
                                 MISC ---->  # 43 260               # 62  260
================================================================================
NOTES:
# LAST OF SEVERAL OCCURRENCES

COLUMN 17 PEAK WIND IN M.P.H.

PRELIMINARY LOCAL CLIMATOLOGICAL DATA (WS FORM: F-6) , PAGE 2

                                          STATION:  VERO BEACH
                                          MONTH:    APRIL
                                          YEAR:     2018
                                          LATITUDE:   27 39 N
                                          LONGITUDE:  80 25 W

[TEMPERATURE DATA]      [PRECIPITATION DATA]       SYMBOLS USED IN COLUMN 16

AVERAGE MONTHLY: 72.5   TOTAL FOR MONTH:   2.48    1 = FOG OR MIST
DPTR FM NORMAL:   2.4   DPTR FM NORMAL:    0.61    2 = FOG REDUCING VISIBILITY
HIGHEST:    92 ON  9    GRTST 24HR  1.41 ON 15-15      TO 1/4 MILE OR LESS
LOWEST:     49 ON 18                               3 = THUNDER
                        SNOW, ICE PELLETS, HAIL    4 = ICE PELLETS
                        TOTAL MONTH:   0.0 INCH    5 = HAIL
                        GRTST 24HR     0.0         6 = FREEZING RAIN OR DRIZZLE
                        GRTST DEPTH:   0           7 = DUSTSTORM OR SANDSTORM:
                                                       VSBY 1/2 MILE OR LESS
                                                   8 = SMOKE OR HAZE
[NO. OF DAYS WITH]      [WEATHER - DAYS WITH]      9 = BLOWING SNOW
                                                   X = TORNADO
MAX 32 OR BELOW:   0    0.01 INCH OR MORE:   5
MAX 90 OR ABOVE:   2    0.10 INCH OR MORE:   3
MIN 32 OR BELOW:   0    0.50 INCH OR MORE:   2
MIN  0 OR BELOW:   0    1.00 INCH OR MORE:   1

[HDD (BASE 65) ]
TOTAL THIS MO.     2    CLEAR  (SCALE 0-3)  12
DPTR FM NORMAL   -11    PTCLDY (SCALE 4-7)   8
TOTAL FM JUL 1   365    CLOUDY (SCALE 8-10)  0
DPTR FM NORMAL   -88

[CDD (BASE 65) ]
TOTAL THIS MO.   157
DPTR FM NORMAL    42    [PRESSURE DATA]
TOTAL FM JAN 1   538    HIGHEST SLP M ON M
DPTR FM NORMAL   155    LOWEST  SLP 29.74 ON  7

[REMARKS]
