000
CXUS55 KLOX 271155
CF6WJF
PRELIMINARY LOCAL CLIMATOLOGICAL DATA (WS FORM: F-6)

                                          STATION:   LANCASTER FOX FIELD CA
                                          MONTH:     MAY
                                          YEAR:      2018
                                          LATITUDE:   34 43 N
                                          LONGITUDE: 118 13 W

  TEMPERATURE IN F:       :PCPN:    SNOW:  WIND      :SUNSHINE: SKY     :PK WND
================================================================================
1   2   3   4   5  6A  6B    7    8   9   10  11  12  13   14  15   16   17  18
                                     12Z  AVG MX 2MIN
DY MAX MIN AVG DEP HDD CDD  WTR  SNW DPTH SPD SPD DIR MIN PSBL S-S WX    SPD DR
================================================================================

 1  62  47  55  -9  10   0 0.00  0.0    0 19.6 32 220   M    M   2        39 220
 2  73  47  60  -4   5   0 0.00  0.0    0 19.0 31 220   M    M   3        39 220
 3  82  47  65   1   0   0 0.00  0.0    0  7.0 23 270   M    M   0        28 270
 4  87  48  68   3   0   3 0.00  0.0    0  5.8 17 230   M    M   0        22 230
 5  91  47  69   4   0   4 0.00  0.0    0  6.7 23 240   M    M   0        28 240
 6  88  59  74   9   0   9 0.00  0.0    0 10.8 24 240   M    M   0        32 240
 7  91  57  74   8   0   9 0.00  0.0    0 13.2 25 270   M    M   0        35 270
 8  95  52  74   8   0   9 0.00  0.0    0 11.3 32 270   M    M   0        38 270
 9  98  66  82  16   0  17 0.00  0.0    0 19.6 29 270   M    M   0        35 260
10  87  61  74   7   0   9 0.00  0.0    0 21.4 38 270   M    M   0        44 260
11  68  54  61  -6   4   0 0.00  0.0    0 25.6 39 220   M    M   0 8      54 220
12  69  51  60  -7   5   0 0.00  0.0    0 21.5 32 230   M    M   0        40 230
13  70  51  61  -7   4   0 0.00  0.0    0 18.4 29 210   M    M   0        36 210
14  78  53  66  -2   0   1 0.00  0.0    0 13.5 28 230   M    M   0        34 230
15  77  54  66  -2   0   1 0.00  0.0    0 16.1 26 220   M    M   0        33 210
16  79  50  65  -3   0   0 0.00  0.0    0 18.1 25 250   M    M   0        32 260
17  78  52  65  -4   0   0 0.00  0.0    0 16.6 28 230   M    M   0        36 240
18  84  57  71   2   0   6 0.00  0.0    0 15.7 31 270   M    M   0        35 260
19  84  60  72   3   0   7 0.00  0.0    0 16.5 31 250   M    M   0        37 260
20  80  57  69   0   0   4 0.00  0.0    0 16.8 26 240   M    M   0        35 220
21  70  54  62  -8   3   0 0.00  0.0    0 19.3 31 220   M    M   0        39 210
22  81  52  67  -3   0   2 0.00  0.0    0 12.1 26 230   M    M   0        34 240
23  82  55  69  -1   0   4 0.00  0.0    0 14.8 25 240   M    M   0        32 240
24  79  53  66  -4   0   1 0.00  0.0    0 16.1 32 220   M    M   0        40 210
25  69  52  61 -10   4   0 0.00  0.0    0 19.6 31 240   M    M   1        41 230
26  71  51  61 -10   4   0 0.00  0.0    0 23.6 39 270   M    M   0        44 270
================================================================================
SM 2073 1387        39  86  0.00     0.0 418.6          M        6
================================================================================
AV 79.7 53.4                              16.1 FASTST   M    M   0    MAX(MPH)
                                 MISC ---->  # 39 220               # 54  220
================================================================================
NOTES:
# LAST OF SEVERAL OCCURRENCES

COLUMN 17 PEAK WIND IN M.P.H.

PRELIMINARY LOCAL CLIMATOLOGICAL DATA (WS FORM: F-6) , PAGE 2

                                          STATION:  LANCASTER FOX FIELD CA
                                          MONTH:    MAY
                                          YEAR:     2018
                                          LATITUDE:   34 43 N
                                          LONGITUDE: 118 13 W

[TEMPERATURE DATA]      [PRECIPITATION DATA]       SYMBOLS USED IN COLUMN 16

AVERAGE MONTHLY: 66.5   TOTAL FOR MONTH:   0.00    1 = FOG OR MIST
DPTR FM NORMAL:  -1.0   DPTR FM NORMAL:   -0.08    2 = FOG REDUCING VISIBILITY
HIGHEST:    98 ON  9    GRTST 24HR  0.00 ON 26-26      TO 1/4 MILE OR LESS
LOWEST:     47 ON  5, 3                            3 = THUNDER
                        SNOW, ICE PELLETS, HAIL    4 = ICE PELLETS
                        TOTAL MONTH:   0.0 INCH    5 = HAIL
                        GRTST 24HR     0.0         6 = FREEZING RAIN OR DRIZZLE
                        GRTST DEPTH:   0           7 = DUSTSTORM OR SANDSTORM:
                                                       VSBY 1/2 MILE OR LESS
                                                   8 = SMOKE OR HAZE
[NO. OF DAYS WITH]      [WEATHER - DAYS WITH]      9 = BLOWING SNOW
                                                   X = TORNADO
MAX 32 OR BELOW:   0    0.01 INCH OR MORE:   0
MAX 90 OR ABOVE:   4    0.10 INCH OR MORE:   0
MIN 32 OR BELOW:   0    0.50 INCH OR MORE:   0
MIN  0 OR BELOW:   0    1.00 INCH OR MORE:   0

[HDD (BASE 65) ]
TOTAL THIS MO.    39    CLEAR  (SCALE 0-3)  26
DPTR FM NORMAL   -16    PTCLDY (SCALE 4-7)   0
TOTAL FM JUL 1  2531    CLOUDY (SCALE 8-10)  0
DPTR FM NORMAL  -392

[CDD (BASE 65) ]
TOTAL THIS MO.    86
DPTR FM NORMAL   -35    [PRESSURE DATA]
TOTAL FM JAN 1   134    HIGHEST SLP M ON M
DPTR FM NORMAL   -17    LOWEST  SLP 29.76 ON 10

[REMARKS]
