000
CXUS56 KPDT 241032
CF6YKM
PRELIMINARY LOCAL CLIMATOLOGICAL DATA (WS FORM: F-6)

                                          STATION:   YAKIMA WA
                                          MONTH:     APRIL
                                          YEAR:      2018
                                          LATITUDE:   46 34 N
                                          LONGITUDE: 120 32 W

  TEMPERATURE IN F:       :PCPN:    SNOW:  WIND      :SUNSHINE: SKY     :PK WND
================================================================================
1   2   3   4   5  6A  6B    7    8   9   10  11  12  13   14  15   16   17  18
                                     12Z  AVG MX 2MIN
DY MAX MIN AVG DEP HDD CDD  WTR  SNW DPTH SPD SPD DIR MIN PSBL S-S WX    SPD DR
================================================================================

 1  60  31  46   0  19   0 0.00  0.0    0 12.0 32 290   M    M   3        42 290
 2  57  30  44  -3  21   0 0.00  0.0    0 10.2 24 300   M    M   1        36 250
 3  56  25  41  -6  24   0 0.00  0.0    0  3.5 12 160   M    M   2        14 160
 4  60  39  50   3  15   0    T  0.0    0  3.6 10 150   M    M   M        12 150
 5  56  47  52   5  13   0 0.13  0.0    0  3.1  8 250   M    M  10 1      14 220
 6  61  50  56   9   9   0    T  0.0    0  2.4  8 250   M    M  10 18     11 240
 7  63  47  55   8  10   0 0.34  0.0    0 13.6 31 200   M    M   8 1      40 220
 8  63  38  51   3  14   0 0.00  0.0    0  9.2 25 310   M    M   3        34 190
 9  64  32  48   0  17   0 0.00  0.0    0  3.7 10 140   M    M   0        13 130
10  70  45  58  10   7   0    T  0.0    0  7.8 25 210   M    M   5        34 220
11  58  35  47  -1  18   0 0.16  0.0    0  4.8 16 250   M    M   3 1      20 250
12  61  41  51   3  14   0 0.00  0.0    0  9.9 25 270   M    M   3        37 280
13  64  35  50   2  15   0 0.00  0.0    0 11.3 29 200   M    M   3        40 210
14  64  46  55   6  10   0 0.00  0.0    0 10.4 25 220   M    M   4        32 220
15  59  45  52   3  13   0 0.12  0.0    0  5.5 21 190   M    M   6 1      28 200
16  56  41  49   0  16   0    T  0.0    0 10.7 23 210   M    M   4        31 210
17  59  35  47  -2  18   0 0.00  0.0    0 12.1 29 300   M    M   2        42 310
18  60  32  46  -3  19   0 0.00  0.0    0  5.6 14 120   M    M   4        19 130
19  70  34  52   2  13   0 0.00  0.0    0  6.6 14 350   M    M   0        19 340
20  71  36  54   4  11   0 0.00  0.0    0  4.9 12 250   M    M   3        16 170
21  65  41  53   3  12   0 0.00  0.0    0  8.5 23 270   M    M   3        29 270
22  66  31  49  -1  16   0 0.00  0.0    0  4.8 13 180   M    M   1        16 340
23  71  30  51   1  14   0 0.00  0.0    0  8.1 16  90   M    M   0        21  80
================================================================================
SM 1434  866       338   0  0.75     0.0 172.3          M       78
================================================================================
AV 62.4 37.7                               7.5 FASTST   M    M   4    MAX(MPH)
                                 MISC ---->  # 32 290               # 42  290
================================================================================
NOTES:
# LAST OF SEVERAL OCCURRENCES

COLUMN 17 PEAK WIND IN M.P.H.

PRELIMINARY LOCAL CLIMATOLOGICAL DATA (WS FORM: F-6) , PAGE 2

                                          STATION:  YAKIMA WA
                                          MONTH:    APRIL
                                          YEAR:     2018
                                          LATITUDE:   46 34 N
                                          LONGITUDE: 120 32 W

[TEMPERATURE DATA]      [PRECIPITATION DATA]       SYMBOLS USED IN COLUMN 16

AVERAGE MONTHLY: 50.0   TOTAL FOR MONTH:   0.75    1 = FOG OR MIST
DPTR FM NORMAL:   1.7   DPTR FM NORMAL:    0.34    2 = FOG REDUCING VISIBILITY
HIGHEST:    71 ON 23,20 GRTST 24HR  0.34 ON  7- 7      TO 1/4 MILE OR LESS
LOWEST:     25 ON  3                               3 = THUNDER
                        SNOW, ICE PELLETS, HAIL    4 = ICE PELLETS
                        TOTAL MONTH:   0.0 INCH    5 = HAIL
                        GRTST 24HR     0.0         6 = FREEZING RAIN OR DRIZZLE
                        GRTST DEPTH:   0           7 = DUSTSTORM OR SANDSTORM:
                                                       VSBY 1/2 MILE OR LESS
                                                   8 = SMOKE OR HAZE
[NO. OF DAYS WITH]      [WEATHER - DAYS WITH]      9 = BLOWING SNOW
                                                   X = TORNADO
MAX 32 OR BELOW:   0    0.01 INCH OR MORE:   4
MAX 90 OR ABOVE:   0    0.10 INCH OR MORE:   4
MIN 32 OR BELOW:   7    0.50 INCH OR MORE:   0
MIN  0 OR BELOW:   0    1.00 INCH OR MORE:   0

[HDD (BASE 65) ]
TOTAL THIS MO.   338    CLEAR  (SCALE 0-3)  13
DPTR FM NORMAL   -45    PTCLDY (SCALE 4-7)   7
TOTAL FM JUL 1  4732    CLOUDY (SCALE 8-10)  2
DPTR FM NORMAL  -855

[CDD (BASE 65) ]
TOTAL THIS MO.     0
DPTR FM NORMAL     0    [PRESSURE DATA]
TOTAL FM JAN 1     0    HIGHEST SLP 30.04 ON  1
DPTR FM NORMAL     0    LOWEST  SLP 29.40 ON  7

[REMARKS]
