000
CXUS53 KLSX 011604
CLAUIN
CLIMATE REPORT
NATIONAL WEATHER SERVICE ST LOUIS MO
1004 AM CST MON JAN 01 2024
...................................
...THE QUINCY IL CLIMATE SUMMARY FOR THE YEAR OF 2023...
CLIMATE NORMAL PERIOD 1991 TO 2020
CLIMATE RECORD PERIOD 1901 TO 2023
WEATHER OBSERVED NORMAL DEPART
VALUE DATE(S) VALUE FROM
NORMAL
................................................
TEMPERATURE (F)
RECORD
HIGH 114 07/15/1936
LOW -29 02/13/1905
HIGHEST 103 07/28 MM
LOWEST 4 02/03 MM
AVG. MAXIMUM 66.2 62.5 3.7
AVG. MINIMUM 45.4 43.6 1.8
MEAN 55.8 53.0 2.8
DAYS MAX >= 90 32
DAYS MAX <= 32 10
DAYS MAX >= 100 5
DAYS MIN <= 32 92
DAYS MIN <= 0 0
PRECIPITATION (INCHES)
RECORD
MAXIMUM 66.60 1973
MINIMUM 20.00 1953
TOTALS 22.63 36.43 -13.80
DAYS >= .01 73
DAYS >= .10 42
DAYS >= .50 9
DAYS >= 1.00 3
GREATEST
24 HR. TOTAL 1.83
DEGREE DAYS
HEATING TOTAL 4511 5486 -975
SINCE 7/1 1651 2126 -475
COOLING TOTAL 1279 1153 126
SINCE 1/1 1279 1153 126
................................................
WIND (MPH)
HIGHEST WIND SPEED/DIRECTION 44/280 DATE 07/01
HIGHEST GUST SPEED/DIRECTION 62/290 DATE 07/01
WEATHER CONDITIONS. NUMBER OF DAYS WITH
THUNDERSTORM 45 HAIL 0
FOG W/VIS <= 1/4 MILE 20
- INDICATES NEGATIVE NUMBERS.
R INDICATES RECORD WAS SET OR TIED.
MM INDICATES DATA IS MISSING.
T INDICATES TRACE AMOUNT.
...ANNUAL...
14TH WARMEST CALENDAR YEAR ON RECORD (55.8 DEGREES).
3RD LEAST DAYS WITH A HIGH TEMPERATURE LESS THAN OR EQUAL TO 32 DEGREES (10 DAYS).
8TH LEAST DAYS WITH A LOW TEMPERATURE LESS THAN OR EQUAL TO 32 DEGREES (92 DAYS).
4TH DRIEST YEAR (22.63 INCHES*).
* 3 DAYS WITH MISSING PRECIPITATION (11/26, 08/02, AND 01/25).
...SEASONAL...
10TH DRIEST METEOROLOGICAL FALL ON RECORD (2.99* INCHES).
* 1 DAY OF MISSING PRECIPITATION ON 11/26.
6TH DRIEST SPRING (4.96 INCHES).
...MONTHLY...
6TH WARMEST DECEMBER ON RECORD (40.3 DEGREES).
TIED LEAST NUMBER OF OCCURRENCES WITH A HIGH TEMPERATURE BELOW 70
DEGREES IN THE MONTH OF SEPTEMBER (0 DAYS. 10TH SUCH OCCURRENCE).
4TH DRIEST SEPTEMBER (0.35 INCHES).
TIED LEAST OCCURRENCES WITH AT LEAST A TENTH OF AN INCH OF RAINFALL
WITHIN THE MONTH OF SEPTEMBER (1 DAY. 6TH SUCH OCCURRENCE).
3RD DRIEST APRIL (0.92 INCHES).
...DAILY...
4 RECORD HIGH TEMPERATURES SET (09/30, 05/07, 04/04, AND 01/03).
1 RECORD LOW MAXIMUM TEMPERATURE TIED (44 DEGREES ON 04/22. ALSO SET
IN 1927).
1 RECORD LOW TEMPERATURE SET (21 DEGREES ON 11/01. PREVIOUS 23 IN
1954).
1 RECORD HIGH MINIMUM TEMPERATURE TIED (65 DEGREES ON 10/26. ALSO
SET IN 1939).
2 PRECIPITATION VALUES SET (08/09 AND 02/09).
$$
CVKING