000
CDUS43 KUNR 220851
CLI2WX


CLIMATE REPORT
NATIONAL WEATHER SERVICE RAPID CITY SD
247 AM MDT TUE MAY 22 2018


...................................

...THE BUFFALO SD CLIMATE SUMMARY FOR MAY 21 2018...

CLIMATE NORMAL PERIOD 1981 TO 2010
CLIMATE RECORD PERIOD 9999 TO 9999


WEATHER ITEM   OBSERVED TIME   NORMAL DEPARTURE LAST
                VALUE   (LST)  VALUE  FROM      YEAR
                                      NORMAL
......................................................
TEMPERATURE (F)
 YESTERDAY
  MAXIMUM         77    352 PM  67     10       67
  MINIMUM         43    341 AM  43      0       36
  AVERAGE         60            55      5       52

PRECIPITATION (IN)
  YESTERDAY        0.00          0.15  -0.15     0.10
  MONTH TO DATE    1.41          1.66  -0.25     1.29
  SINCE MAR 1      4.30          3.98   0.32     6.00
  SINCE JAN 1      5.78          4.55   1.23     6.30

DEGREE DAYS
 HEATING
  YESTERDAY        5            10     -5       13
  MONTH TO DATE  171           276   -105      209
  SINCE MAR 1   2119          1932    187     1626
  SINCE JUL 1   8054          7729    325     6977

 COOLING
  YESTERDAY        0             0      0        0
  MONTH TO DATE    9             0      9       13
  SINCE MAR 1      9             0      9       13
  SINCE JAN 1      9             0      9       13
......................................................


WIND (MPH)
  HIGHEST WIND SPEED    23   HIGHEST WIND DIRECTION    SE (150)
  HIGHEST GUST SPEED    27   HIGHEST GUST DIRECTION    SE (150)
  AVERAGE WIND SPEED    11.6




RELATIVE HUMIDITY (PERCENT)
 HIGHEST    76           500 AM
 LOWEST     37           900 AM
 AVERAGE    57

..........................................................




SUNRISE AND SUNSET
MAY 22 2018...........SUNRISE   516 AM MDT   SUNSET   826 PM MDT
MAY 23 2018...........SUNRISE   515 AM MDT   SUNSET   827 PM MDT


-  INDICATES NEGATIVE NUMBERS.
R  INDICATES RECORD WAS SET OR TIED.
MM INDICATES DATA IS MISSING.
T  INDICATES TRACE AMOUNT.




$$
