133
CDUS43 KABR 210634
CLI8D3


CLIMATE REPORT
NATIONAL WEATHER SERVICE ABERDEEN SD
132 AM CDT SAT APR 21 2018


...................................

...THE SISSETON SD CLIMATE SUMMARY FOR APRIL 20 2018...

CLIMATE NORMAL PERIOD 1981 TO 2010
CLIMATE RECORD PERIOD 1900 TO 2018


WEATHER ITEM   OBSERVED TIME   RECORD YEAR NORMAL DEPARTURE LAST
                VALUE   (LST)  VALUE       VALUE  FROM      YEAR
                                                  NORMAL
..................................................................
TEMPERATURE (F)
 YESTERDAY
  MAXIMUM         54    315 PM  94    1980  59     -5       55
  MINIMUM         30    618 AM  12    2013  34     -4       39
  AVERAGE         42                        47     -5       47

PRECIPITATION (IN)
  YESTERDAY        0.00          1.14 1957   0.07  -0.07     0.13
  MONTH TO DATE    0.59                      1.09  -0.50     1.49
  SINCE MAR 1      2.23                      2.21   0.02     1.75
  SINCE JAN 1      3.33                      3.07   0.26     2.95

SNOWFALL (IN)
  YESTERDAY        0.0
  MONTH TO DATE    7.5
  SINCE OCT 1     49.9
  SINCE JUL 1     49.9
  SNOW DEPTH       0

DEGREE DAYS
 HEATING
  YESTERDAY       23                        18      5       18
  MONTH TO DATE  705                       460    245      357
  SINCE MAR 1   1858                      1543    315     1437
  SINCE JUL 1   7955                      7802    153     6701

 COOLING
  YESTERDAY        0                         0      0        0
  MONTH TO DATE    0                         0      0        0
  SINCE MAR 1      0                         0      0        0
  SINCE JAN 1      0                         0      0        0
..................................................................


WIND (MPH)
  HIGHEST WIND SPEED    17   HIGHEST WIND DIRECTION    SE (130)
  HIGHEST GUST SPEED    21   HIGHEST GUST DIRECTION    SE (130)
  AVERAGE WIND SPEED     7.8


SKY COVER
  POSSIBLE SUNSHINE  MM
  AVERAGE SKY COVER 0.0


WEATHER CONDITIONS
 THE FOLLOWING WEATHER WAS RECORDED YESTERDAY.
  NO SIGNIFICANT WEATHER WAS OBSERVED.


RELATIVE HUMIDITY (PERCENT)
 HIGHEST   100          1100 PM
 LOWEST     54           200 PM
 AVERAGE    77

..........................................................


THE SISSETON SD CLIMATE NORMALS FOR TODAY
                         NORMAL    RECORD    YEAR
 MAXIMUM TEMPERATURE (F)   60        99      1980
 MINIMUM TEMPERATURE (F)   35        16      1936


SUNRISE AND SUNSET
APRIL 21 2018.........SUNRISE   632 AM CDT   SUNSET   822 PM CDT
APRIL 22 2018.........SUNRISE   630 AM CDT   SUNSET   824 PM CDT


-  INDICATES NEGATIVE NUMBERS.
R  INDICATES RECORD WAS SET OR TIED.
MM INDICATES DATA IS MISSING.
T  INDICATES TRACE AMOUNT.




$$
