000
CDUS45 KABQ 270828
CLIABQ


CLIMATE REPORT
NATIONAL WEATHER SERVICE ALBUQUERQUE NM
228 AM MDT SUN MAY 27 2018


...................................

...THE ALBUQUERQUE  NM CLIMATE SUMMARY FOR MAY 26 2018...

CLIMATE NORMAL PERIOD 1981 TO 2010
CLIMATE RECORD PERIOD 1891 TO 2018


WEATHER ITEM   OBSERVED TIME   RECORD YEAR NORMAL DEPARTURE LAST
                VALUE   (LST)  VALUE       VALUE  FROM      YEAR
                                                  NORMAL
..................................................................
TEMPERATURE (F)
 YESTERDAY
  MAXIMUM         88    350 PM  95    1951  82      6       86
  MINIMUM         58    218 AM  34    1917  55      3       52
  AVERAGE         73                        69      4       69

PRECIPITATION (IN)
  YESTERDAY        0.00          0.73 1926   0.02  -0.02
  MONTH TO DATE    0.12                      0.42  -0.30
  SINCE MAR 1      0.30                      1.60  -1.30
  SINCE JAN 1      0.84                      2.46  -1.62

SNOWFALL (IN)
  YESTERDAY        0.0
  MONTH TO DATE    T
  SINCE MAR 1      T
  SINCE JUL 1      0.3
  SNOW DEPTH       0

DEGREE DAYS
 HEATING
  YESTERDAY        0                         1     -1        0
  MONTH TO DATE   24                        67    -43       72
  SINCE MAR 1    626                       868   -242      618
  SINCE JUL 1   3329                      4171   -842     3300

 COOLING
  YESTERDAY        8                         5      3        4
  MONTH TO DATE  139                        65     74       55
  SINCE MAR 1    153                        72     81       60
  SINCE JAN 1    153                        72     81       60
..................................................................


WIND (MPH)
  HIGHEST WIND SPEED    26   HIGHEST WIND DIRECTION     S (180)
  HIGHEST GUST SPEED    31   HIGHEST GUST DIRECTION     S (190)
  AVERAGE WIND SPEED     8.5


SKY COVER
  POSSIBLE SUNSHINE  MM
  AVERAGE SKY COVER 0.7


WEATHER CONDITIONS
 THE FOLLOWING WEATHER WAS RECORDED YESTERDAY.
  NO SIGNIFICANT WEATHER WAS OBSERVED.


RELATIVE HUMIDITY (PERCENT)
 HIGHEST    20           800 AM
 LOWEST      7           400 PM
 AVERAGE    14

..........................................................


THE ALBUQUERQUE  NM CLIMATE NORMALS FOR TODAY
                         NORMAL    RECORD    YEAR
 MAXIMUM TEMPERATURE (F)   83        98      1951
 MINIMUM TEMPERATURE (F)   56        30      1917


SUNRISE AND SUNSET
MAY 27 2018...........SUNRISE   555 AM MDT   SUNSET   812 PM MDT
MAY 28 2018...........SUNRISE   555 AM MDT   SUNSET   813 PM MDT


-  INDICATES NEGATIVE NUMBERS.
R  INDICATES RECORD WAS SET OR TIED.
MM INDICATES DATA IS MISSING.
T  INDICATES TRACE AMOUNT.




$$
