000
CDUS41 KPHI 190554
CLIACY


CLIMATE REPORT
NATIONAL WEATHER SERVICE MOUNT HOLLY NJ
154 AM EDT THU APR 19 2018


...................................

...THE ATLANTIC CITY NJ CLIMATE SUMMARY FOR APRIL 18 2018...

CLIMATE NORMAL PERIOD 1981 TO 2010
CLIMATE RECORD PERIOD 1874 TO 2018


WEATHER ITEM   OBSERVED TIME   RECORD YEAR NORMAL DEPARTURE LAST
                VALUE   (LST)  VALUE       VALUE  FROM      YEAR
                                                  NORMAL
..................................................................
TEMPERATURE (F)
 YESTERDAY
  MAXIMUM         58    455 PM  87    2002  63     -5       62
  MINIMUM         36    543 AM  25    1875  43     -7       46
  AVERAGE         47                        53     -6       54

PRECIPITATION (IN)
  YESTERDAY        0.00          1.69 1924   0.12  -0.12     0.00
  MONTH TO DATE    2.53                      2.33   0.20     1.17
  SINCE MAR 1      7.86                      6.54   1.32     6.79
  SINCE JAN 1     17.58                     12.63   4.95    12.34

SNOWFALL (IN)
  YESTERDAY        0.0           T    2001   0.0    0.0      0.0
  MONTH TO DATE    T                         0.2   -0.2      0.0
  SINCE MAR 1      9.6                       1.3    8.3      0.2
  SINCE JUL 1     34.1                      16.4   17.7      7.7
  SNOW DEPTH       0

DEGREE DAYS
 HEATING
  YESTERDAY       18                        13      5       11
  MONTH TO DATE  307                       277     30      173
  SINCE MAR 1   1078                       983     95      892
  SINCE JUL 1   4316                      4574   -258     3888

 COOLING
  YESTERDAY        0                         0      0        0
  MONTH TO DATE    6                         0      6       10
  SINCE MAR 1      6                         0      6       10
  SINCE JAN 1      6                         0      6       10
..................................................................


WIND (MPH)
  HIGHEST WIND SPEED    20   HIGHEST WIND DIRECTION     W (260)
  HIGHEST GUST SPEED    32   HIGHEST GUST DIRECTION     W (270)
  AVERAGE WIND SPEED    10.7


SKY COVER
  POSSIBLE SUNSHINE  MM
  AVERAGE SKY COVER 0.3


WEATHER CONDITIONS
 THE FOLLOWING WEATHER WAS RECORDED YESTERDAY.
  NO SIGNIFICANT WEATHER WAS OBSERVED.


RELATIVE HUMIDITY (PERCENT)
 HIGHEST    80           900 PM
 LOWEST     33           100 PM
 AVERAGE    57

..........................................................


THE ATLANTIC CITY NJ CLIMATE NORMALS FOR TODAY
                         NORMAL    RECORD    YEAR
 MAXIMUM TEMPERATURE (F)   63        92      1985
 MINIMUM TEMPERATURE (F)   43        19      1875


SUNRISE AND SUNSET
APRIL 19 2018.........SUNRISE   615 AM EDT   SUNSET   740 PM EDT
APRIL 20 2018.........SUNRISE   614 AM EDT   SUNSET   741 PM EDT


-  INDICATES NEGATIVE NUMBERS.
R  INDICATES RECORD WAS SET OR TIED.
MM INDICATES DATA IS MISSING.
T  INDICATES TRACE AMOUNT.




$$
