000
CDUS44 KLCH 262245
CLIAEX


CLIMATE REPORT
NATIONAL WEATHER SERVICE LAKE CHARLES, LA
545 PM CDT THU APR 26 2018


...................................

...THE ALEXANDRIA CLIMATE SUMMARY FOR APRIL 26 2018...
VALID TODAY AS OF 0500 PM LOCAL TIME.

CLIMATE NORMAL PERIOD 1981 TO 2010
CLIMATE RECORD PERIOD 1892 TO 2018


WEATHER ITEM   OBSERVED TIME   RECORD YEAR NORMAL DEPARTURE LAST
                VALUE   (LST)  VALUE       VALUE  FROM      YEAR
                                                  NORMAL
..................................................................
TEMPERATURE (F)
 TODAY
  MAXIMUM         70    242 PM  91    1944  81    -11       85
                                      1925
  MINIMUM         51    619 AM  35    1910  58     -7       58
  AVERAGE         61                        69     -8       72

PRECIPITATION (IN)
  TODAY            T             2.93 1997   0.07  -0.07     0.23
  MONTH TO DATE    3.42                      4.01  -0.59    10.06
  SINCE MAR 1     13.00                      9.06   3.94    12.21
  SINCE JAN 1     29.49                     18.74  10.75    19.92

SNOWFALL (IN)
  TODAY            0.0           0.0    MM  MM     MM        0.0
  MONTH TO DATE    0.0                      MM     MM        0.0
  SINCE MAR 1      0.0                      MM     MM        0.0
  SINCE JUL 1      2.9                      MM     MM        0.5
  SNOW DEPTH       0

DEGREE DAYS
 HEATING
  TODAY            4                         1      3        0
  MONTH TO DATE  111                        64     47       23
  SINCE MAR 1    252                       279    -27      152
  SINCE JUL 1   1874                      1944    -70     1128

 COOLING
  TODAY            0                         5     -5        7
  MONTH TO DATE   41                        84    -43      127
  SINCE MAR 1    112                       120     -8      232
  SINCE JAN 1    171                       137     34      314
..................................................................


WIND (MPH)
  HIGHEST WIND SPEED    22   HIGHEST WIND DIRECTION    NW (320)
  HIGHEST GUST SPEED    28   HIGHEST GUST DIRECTION    NW (310)
  AVERAGE WIND SPEED    10.7


SKY COVER
  POSSIBLE SUNSHINE  MM
  AVERAGE SKY COVER 0.5


WEATHER CONDITIONS
 THE FOLLOWING WEATHER WAS RECORDED TODAY.
  NO SIGNIFICANT WEATHER WAS OBSERVED.


RELATIVE HUMIDITY (PERCENT)
 HIGHEST    87           100 AM
 LOWEST     48           100 PM
 AVERAGE    68

..........................................................


THE ALEXANDRIA CLIMATE NORMALS FOR TOMORROW
                         NORMAL    RECORD    YEAR
 MAXIMUM TEMPERATURE (F)   81        93      2011
                                             1905
 MINIMUM TEMPERATURE (F)   58        39      1910


SUNRISE AND SUNSET
APRIL 26 2018.........SUNRISE   630 AM CDT   SUNSET   746 PM CDT
APRIL 27 2018.........SUNRISE   629 AM CDT   SUNSET   747 PM CDT


-  INDICATES NEGATIVE NUMBERS.
R  INDICATES RECORD WAS SET OR TIED.
MM INDICATES DATA IS MISSING.
T  INDICATES TRACE AMOUNT.




$$
