000
CDUS42 KFFC 240820
CLIAHN


CLIMATE REPORT
NATIONAL WEATHER SERVICE PEACHTREE CITY GA
419 AM EDT TUE APR 24 2018


...................................

...THE ATHENS CLIMATE SUMMARY FOR APRIL 23 2018...

CLIMATE NORMAL PERIOD 1981 TO 2010
CLIMATE RECORD PERIOD 1898 TO 2018


WEATHER ITEM   OBSERVED TIME   RECORD YEAR NORMAL DEPARTURE LAST
                VALUE   (LST)  VALUE       VALUE  FROM      YEAR
                                                  NORMAL
..................................................................
TEMPERATURE (F)
 YESTERDAY
  MAXIMUM         64    256 PM  94    1925  76    -12       66
  MINIMUM         56    300 AM  33    1986  51      5       52
  AVERAGE         60                        64     -4       59

PRECIPITATION (IN)
  YESTERDAY        2.29          2.52 2017   0.11   2.18     2.52
  MONTH TO DATE    5.31                      2.44   2.87     6.83
  SINCE MAR 1      8.49                      6.87   1.62    11.14
  SINCE JAN 1     18.90                     15.40   3.50    18.84

SNOWFALL (IN)
  YESTERDAY        0.0           0.0  2002   0.0    0.0      0.0
                                      2001
                                      2000
  MONTH TO DATE    0.0                       0.1   -0.1      0.0
  SINCE MAR 1      0.0                       0.9   -0.9      0.0
  SINCE JUL 1      1.1                       3.0   -1.9      0.0
  SNOW DEPTH       0

DEGREE DAYS
 HEATING
  YESTERDAY        5                         4      1        6
  MONTH TO DATE  168                       127     41       53
  SINCE MAR 1    551                       467     84      334
  SINCE JUL 1   2557                      2722   -165     1858

 COOLING
  YESTERDAY        0                         2     -2        0
  MONTH TO DATE   11                        30    -19       78
  SINCE MAR 1     14                        40    -26      116
  SINCE JAN 1     48                        41      7      125
..................................................................


WIND (MPH)
  RESULTANT WIND SPEED   9   RESULTANT WIND DIRECTION   E (90)
  HIGHEST WIND SPEED    23   HIGHEST WIND DIRECTION     E (70)
  HIGHEST GUST SPEED    31   HIGHEST GUST DIRECTION     E (70)
  AVERAGE WIND SPEED     9.2


SKY COVER
  POSSIBLE SUNSHINE  MM
  AVERAGE SKY COVER 0.9


WEATHER CONDITIONS
 THE FOLLOWING WEATHER WAS RECORDED YESTERDAY.
  HEAVY RAIN
  RAIN
  LIGHT RAIN
  FOG


RELATIVE HUMIDITY (PERCENT)
 HIGHEST   100           200 AM
 LOWEST     93          1200 PM
 AVERAGE    97

..........................................................


THE ATHENS CLIMATE NORMALS FOR TODAY
                         NORMAL    RECORD    YEAR
 MAXIMUM TEMPERATURE (F)   76        97      1925
 MINIMUM TEMPERATURE (F)   52        36      2005
                                             1986


SUNRISE AND SUNSET
APRIL 24 2018.........SUNRISE   652 AM EDT   SUNSET   812 PM EDT
APRIL 25 2018.........SUNRISE   651 AM EDT   SUNSET   812 PM EDT


-  INDICATES NEGATIVE NUMBERS.
R  INDICATES RECORD WAS SET OR TIED.
MM INDICATES DATA IS MISSING.
T  INDICATES TRACE AMOUNT.




$$
