000
CDAK48 PAFC 261252
CLIAKN


CLIMATE REPORT
NATIONAL WEATHER SERVICE ANCHORAGE, AK
452 AM AKDT THU APR 26 2018


...................................

...THE KING SALMON CLIMATE SUMMARY FOR APRIL 25 2018...

CLIMATE NORMAL PERIOD 1981 TO 2010
CLIMATE RECORD PERIOD 1917 TO 2018


WEATHER ITEM   OBSERVED TIME   RECORD YEAR NORMAL DEPARTURE LAST
                VALUE   (LST)  VALUE       VALUE  FROM      YEAR
                                                  NORMAL
..................................................................
TEMPERATURE (F)
 YESTERDAY
  MAXIMUM         49        MM  60    2004  46      3       51
                                      1998
                                      1936
  MINIMUM         36        MM   8    1955  29      7       34
  AVERAGE         43                        38      5       43

PRECIPITATION (IN)
  YESTERDAY        0.10          0.21 1942   0.03   0.07     0.12
                                      1938
  MONTH TO DATE    1.63                      0.79   0.84     0.68
  SINCE MAR 1      5.07                      1.49   3.58     0.73
  SINCE JAN 1      8.77                      3.27   5.50     1.93

SNOWFALL (IN)
  YESTERDAY        T            MM      MM   0.0    0.0      0.0
  MONTH TO DATE   10.5                       3.5    7.0      2.9
  SINCE MAR 1     32.3                       9.9   22.4      3.3
  SINCE JUL 1     56.2                      45.4   10.8     26.0
  SNOW DEPTH       0

DEGREE DAYS
 HEATING
  YESTERDAY       22                        28     -6       22
  MONTH TO DATE  704                       808   -104      651
  SINCE MAR 1   1839                      2074   -235     2275
  SINCE JUL 1   8325                      9694  -1369     9408

 COOLING
  YESTERDAY        0                         0      0        0
  MONTH TO DATE    0                         0      0        0
  SINCE MAR 1      0                         0      0        0
  SINCE JAN 1      0                         0      0        0
..................................................................


WIND (MPH)
  RESULTANT WIND SPEED  15   RESULTANT WIND DIRECTION   S (160)
  HIGHEST WIND SPEED    25   HIGHEST WIND DIRECTION     S (170)
  HIGHEST GUST SPEED    35   HIGHEST GUST DIRECTION    SE (150)
  AVERAGE WIND SPEED    15.7



WEATHER CONDITIONS
 THE FOLLOWING WEATHER WAS RECORDED YESTERDAY.
  RAIN
  LIGHT RAIN
  SLEET
  FOG


RELATIVE HUMIDITY (PERCENT)
 HIGHEST    92
 LOWEST     62
 AVERAGE    77

..........................................................


THE KING SALMON CLIMATE NORMALS FOR TODAY
                         NORMAL    RECORD    YEAR
 MAXIMUM TEMPERATURE (F)   47        61      2005
 MINIMUM TEMPERATURE (F)   29        14      1964
                                             1960


SUNRISE AND SUNSET
APRIL 26 2018.........SUNRISE   643 AM AKDT  SUNSET  1007 PM AKDT
APRIL 27 2018.........SUNRISE   641 AM AKDT  SUNSET  1009 PM AKDT


-  INDICATES NEGATIVE NUMBERS.
R  INDICATES RECORD WAS SET OR TIED.
MM INDICATES DATA IS MISSING.
T  INDICATES TRACE AMOUNT.




$$
