000
CDUS45 KPUB 271047
CLIALS


CLIMATE REPORT
NATIONAL WEATHER SERVICE PUEBLO
447 AM MDT SUN MAY 27 2018


...................................

...THE ALAMOSA CO CLIMATE SUMMARY FOR MAY 26 2018...

CLIMATE NORMAL PERIOD 1981 TO 2010
CLIMATE RECORD PERIOD 1932 TO 2018


WEATHER ITEM   OBSERVED TIME   RECORD YEAR NORMAL DEPARTURE LAST
                VALUE   (LST)  VALUE       VALUE  FROM      YEAR
                                                  NORMAL
..................................................................
TEMPERATURE (F)
 YESTERDAY
  MAXIMUM         80    157 PM  84    1969  72      8       74
                                      1953
  MINIMUM         35    353 AM  24    1907  36     -1       36
  AVERAGE         58                        54      4       55

PRECIPITATION (IN)
  YESTERDAY        0.00          0.86 1967   0.02  -0.02     0.00
  MONTH TO DATE    0.14                      0.49  -0.35     1.24
  SINCE MAR 1      0.49                      1.61  -1.12     2.60
  SINCE JAN 1      0.80                      2.13  -1.33     4.25

SNOWFALL (IN)
  YESTERDAY        0.0           0.1  1965   0.0    0.0      0.0
  MONTH TO DATE    T                         0.9   -0.9      1.1
  SINCE MAR 1      2.1                       9.5   -7.4      6.7
  SINCE JUL 1      9.1                      27.6  -18.5     42.2
  SNOW DEPTH       0

DEGREE DAYS
 HEATING
  YESTERDAY        7                        11     -4       10
  MONTH TO DATE  293                       376    -83      390
  SINCE MAR 1   1828                      2047   -219     1765
  SINCE JUL 1   7103                      8376  -1273     7554

 COOLING
  YESTERDAY        0                         0      0        0
  MONTH TO DATE    0                         0      0        0
  SINCE MAR 1      0                         0      0        0
  SINCE JAN 1      0                         0      0        0
..................................................................


WIND (MPH)
  HIGHEST WIND SPEED    24   HIGHEST WIND DIRECTION    SW (230)
  HIGHEST GUST SPEED    32   HIGHEST GUST DIRECTION    SW (220)
  AVERAGE WIND SPEED     7.7


SKY COVER
  POSSIBLE SUNSHINE  MM
  AVERAGE SKY COVER 0.0


WEATHER CONDITIONS
 THE FOLLOWING WEATHER WAS RECORDED YESTERDAY.
  NO SIGNIFICANT WEATHER WAS OBSERVED.


RELATIVE HUMIDITY (PERCENT)
 HIGHEST    64           200 AM
 LOWEST      6           200 PM
 AVERAGE    35

..........................................................


THE ALAMOSA CO CLIMATE NORMALS FOR TODAY
                         NORMAL    RECORD    YEAR
 MAXIMUM TEMPERATURE (F)   73        84      2010
                                             1984
                                             1951
 MINIMUM TEMPERATURE (F)   36        25      1996
                                             1950


SUNRISE AND SUNSET
MAY 27 2018...........SUNRISE   546 AM MDT   SUNSET   815 PM MDT
MAY 28 2018...........SUNRISE   546 AM MDT   SUNSET   816 PM MDT


-  INDICATES NEGATIVE NUMBERS.
R  INDICATES RECORD WAS SET OR TIED.
MM INDICATES DATA IS MISSING.
T  INDICATES TRACE AMOUNT.




$$
