000
CDUS42 KJAX 212129
CLIAMG


CLIMATE REPORT
NATIONAL WEATHER SERVICE JACKSONVILLE FL
529 PM EDT SAT APR 21 2018


...................................

...THE ALMA CLIMATE SUMMARY FOR APRIL 21 2018...
VALID TODAY AS OF 0500 PM LOCAL TIME.

CLIMATE NORMAL PERIOD 1981 TO 2010
CLIMATE RECORD PERIOD 1948 TO 2018


WEATHER ITEM   OBSERVED TIME   RECORD YEAR NORMAL DEPARTURE LAST
                VALUE   (LST)  VALUE       VALUE  FROM      YEAR
                                                  NORMAL
..................................................................
TEMPERATURE (F)
 TODAY
  MAXIMUM         70   1018 AM  92    2002  80    -10       88
  MINIMUM         54    320 AM  33    1953  55     -1       58
  AVERAGE         62                        67     -5       73

PRECIPITATION (IN)
  TODAY            T             0.89 2012   0.09  -0.09     0.00
  MONTH TO DATE    0.87                      2.13  -1.26     2.35
  SINCE MAR 1      2.90                      6.88  -3.98     2.89
  SINCE JAN 1      6.41                     14.94  -8.53    11.02

SNOWFALL (IN)
  TODAY            0.0           0.0    MM   0.0    0.0      0.0
  MONTH TO DATE    0.0                       0.0    0.0      0.0
  SINCE MAR 1      0.0                       0.0    0.0      0.0
  SINCE JUL 1      3.0                       0.1    2.9      0.0
  SNOW DEPTH       0

DEGREE DAYS
 HEATING
  TODAY            3                         2      1        0
  MONTH TO DATE   60                        54      6       27
  SINCE MAR 1    305                       242     63      224
  SINCE JUL 1   1551                      1643    -92     1080

 COOLING
  TODAY            0                         4     -4        8
  MONTH TO DATE   34                        59    -25       91
  SINCE MAR 1     68                        97    -29      154
  SINCE JAN 1    160                       113     47      209
..................................................................


WIND (MPH)
  HIGHEST WIND SPEED    13   HIGHEST WIND DIRECTION     E (70)
  HIGHEST GUST SPEED    20   HIGHEST GUST DIRECTION    NE (50)
  AVERAGE WIND SPEED     5.4


SKY COVER
  POSSIBLE SUNSHINE  MM
  AVERAGE SKY COVER 0.8


WEATHER CONDITIONS
 THE FOLLOWING WEATHER WAS RECORDED TODAY.
  LIGHT RAIN
  FOG
  HAZE


RELATIVE HUMIDITY (PERCENT)
 HIGHEST    87           300 PM
 LOWEST     56           900 AM
 AVERAGE    72

..........................................................


THE ALMA CLIMATE NORMALS FOR TOMORROW
                         NORMAL    RECORD    YEAR
 MAXIMUM TEMPERATURE (F)   80        92      1970
 MINIMUM TEMPERATURE (F)   55        37      1950


SUNRISE AND SUNSET
APRIL 21 2018.........SUNRISE   655 AM EDT   SUNSET   803 PM EDT
APRIL 22 2018.........SUNRISE   654 AM EDT   SUNSET   804 PM EDT


-  INDICATES NEGATIVE NUMBERS.
R  INDICATES RECORD WAS SET OR TIED.
MM INDICATES DATA IS MISSING.
T  INDICATES TRACE AMOUNT.




$$
