567
CDUS42 KMFL 222017
CLIAPF


CLIMATE REPORT
NATIONAL WEATHER SERVICE MIAMI, FL
416 PM EDT TUE MAY 22 2018


...................................

...THE NAPLES CLIMATE SUMMARY FOR MAY 22 2018...
VALID TODAY AS OF 0400 PM LOCAL TIME.

CLIMATE NORMAL PERIOD 1981 TO 2010
CLIMATE RECORD PERIOD 1942 TO 2018


WEATHER ITEM   OBSERVED TIME   RECORD YEAR NORMAL DEPARTURE LAST
                VALUE   (LST)  VALUE       VALUE  FROM      YEAR
                                                  NORMAL
..................................................................
TEMPERATURE (F)
 TODAY
  MAXIMUM         89   1248 PM  93    2011  89      0       90
                                      1975
                                      1965
  MINIMUM         73    616 AM  59    1981  70      3       73
  AVERAGE         81                        79      2       82

PRECIPITATION (IN)
  TODAY            0.03          1.73 1946   0.13  -0.10     0.00
  MONTH TO DATE    3.36                      1.90   1.46     2.04
  SINCE NOV 1      7.49                     14.08  -6.59     5.42
  SINCE JAN 1      6.34                     10.59  -4.25     5.07

SNOWFALL (IN)
  TODAY            0.0
  MONTH TO DATE    0.0
  SINCE MAR 1      0.0
  SINCE JUL 1      0.0
  SNOW DEPTH       0

DEGREE DAYS
 HEATING
  TODAY            0                         0      0        0
  MONTH TO DATE    0                         0      0        0
  SINCE MAR 1     22                        27     -5       11
  SINCE JUL 1    200                       260    -60       67

 COOLING
  TODAY           16                        14      2       17
  MONTH TO DATE  315                       275     40      316
  SINCE MAR 1    796                       704     92      867
  SINCE JAN 1   1156                       895    261     1190
..................................................................


WIND (MPH)
  HIGHEST WIND SPEED    28   HIGHEST WIND DIRECTION    NE (60)
  HIGHEST GUST SPEED    32   HIGHEST GUST DIRECTION    NE (60)
  AVERAGE WIND SPEED     8.7


SKY COVER
  AVERAGE SKY COVER 0.4


WEATHER CONDITIONS
 THE FOLLOWING WEATHER WAS RECORDED TODAY.
  THUNDERSTORM
  RAIN
  FOG


RELATIVE HUMIDITY (PERCENT)
 HIGHEST   100
 LOWEST     63
 AVERAGE    82

..........................................................


THE NAPLES CLIMATE NORMALS FOR TOMORROW
                         NORMAL    RECORD    YEAR
 MAXIMUM TEMPERATURE (F)   89        92      2015
                                             2010
                                             1978
 MINIMUM TEMPERATURE (F)   70        60      1994
                                             1981


SUNRISE AND SUNSET
MAY 22 2018...........SUNRISE   638 AM EDT   SUNSET   810 PM EDT
MAY 23 2018...........SUNRISE   637 AM EDT   SUNSET   811 PM EDT


-  INDICATES NEGATIVE NUMBERS.
R  INDICATES RECORD WAS SET OR TIED.
MM INDICATES DATA IS MISSING.
T  INDICATES TRACE AMOUNT.




$$
