057
CDUS43 KAPX 242126
CLIAPN


CLIMATE REPORT
NATIONAL WEATHER SERVICE GAYLORD MI
526 PM EDT THU MAY 24 2018


...................................

...THE ALPENA MI CLIMATE SUMMARY FOR MAY 24 2018...
VALID TODAY AS OF 0500 PM LOCAL TIME.

CLIMATE NORMAL PERIOD 1981 TO 2010
CLIMATE RECORD PERIOD 1916 TO 2018


WEATHER ITEM   OBSERVED TIME   RECORD YEAR NORMAL DEPARTURE LAST
                VALUE   (LST)  VALUE       VALUE  FROM      YEAR
                                                  NORMAL
..................................................................
TEMPERATURE (F)
 TODAY
  MAXIMUM         87    336 PM  89    2016  67     20       64
  MINIMUM         48    506 AM  24    1963  43      5       47
  AVERAGE         68                        55     13       56

PRECIPITATION (IN)
  TODAY            0.00          0.80 2003   0.09  -0.09      T
  MONTH TO DATE    2.17                      2.02   0.15     1.37
  SINCE MAR 1      8.71                      6.27   2.44     9.05
  SINCE JAN 1     12.60                      9.25   3.35    14.54

DEGREE DAYS
 HEATING
  TODAY            0                        11    -11        9
  MONTH TO DATE  253                       333    -80      355
  SINCE MAR 1   2342                      2160    182     2071
  SINCE JUL 1   7791                      7892   -101     6702

 COOLING
  TODAY            3                         1      2        0
  MONTH TO DATE   10                         1      9        6
  SINCE MAR 1     10                         3      7        6
  SINCE JAN 1     10                         3      7        6
..................................................................


WIND (MPH)
  RESULTANT WIND SPEED   2   RESULTANT WIND DIRECTION  SW (240)
  HIGHEST WIND SPEED    15   HIGHEST WIND DIRECTION    SW (210)
  HIGHEST GUST SPEED    21   HIGHEST GUST DIRECTION    SW (210)
  AVERAGE WIND SPEED     3.9


SKY COVER
  POSSIBLE SUNSHINE  MM
  AVERAGE SKY COVER 0.0


WEATHER CONDITIONS
 THE FOLLOWING WEATHER WAS RECORDED TODAY.
  NO SIGNIFICANT WEATHER WAS OBSERVED.


RELATIVE HUMIDITY (PERCENT)
 HIGHEST    96
 LOWEST     25
 AVERAGE    61

..........................................................


THE ALPENA MI CLIMATE NORMALS FOR TOMORROW
                         NORMAL    RECORD    YEAR
 MAXIMUM TEMPERATURE (F)   68        87      1965
 MINIMUM TEMPERATURE (F)   43        26      1934


SUNRISE AND SUNSET
MAY 24 2018...........SUNRISE   556 AM EDT   SUNSET   907 PM EDT
MAY 25 2018...........SUNRISE   555 AM EDT   SUNSET   908 PM EDT


-  INDICATES NEGATIVE NUMBERS.
R  INDICATES RECORD WAS SET OR TIED.
MM INDICATES DATA IS MISSING.
T  INDICATES TRACE AMOUNT.




$$
