000
CDUS44 KEWX 250729
CLIATT


CLIMATE REPORT
NATIONAL WEATHER SERVICE AUSTIN/SAN ANTONIO, TX
229 AM CDT WED APR 25 2018


...................................

...THE AUSTIN CAMP MABRY CLIMATE SUMMARY FOR APRIL 24 2018...

CLIMATE NORMAL PERIOD 1981 TO 2010
CLIMATE RECORD PERIOD 1897 TO 2018


WEATHER ITEM   OBSERVED TIME   RECORD YEAR NORMAL DEPARTURE LAST
                VALUE   (LST)  VALUE       VALUE  FROM      YEAR
                                                  NORMAL
..................................................................
TEMPERATURE (F)
 YESTERDAY
  MAXIMUM         87    406 PM  96    2003  82      5       82
  MINIMUM         59    622 AM  44    1928  61     -2       48
  AVERAGE         73                        71      2

PRECIPITATION (IN)
  YESTERDAY        0.00          1.60 1966   0.08  -0.08     0.00
  MONTH TO DATE    0.18                      1.56  -1.38     1.16
  SINCE MAR 1      3.92                      4.32  -0.40     3.64
  SINCE JAN 1      5.91                      8.56  -2.65     9.86

SNOWFALL (IN)
  YESTERDAY        0.0
  MONTH TO DATE    0.0
  SINCE MAR 1      0.0
  SINCE JUL 1      0.4
  SNOW DEPTH       0

DEGREE DAYS
 HEATING
  YESTERDAY        0                         0      0        0
  MONTH TO DATE   38                        37      1        3
  SINCE MAR 1     94                       199   -105       56
  SINCE JUL 1   1362                      1536   -174      834

 COOLING
  YESTERDAY        8                         7      1        0
  MONTH TO DATE   91                       120    -29      154
  SINCE MAR 1    217                       181     36      326
  SINCE JAN 1    259                       208     51      443
..................................................................


WIND (MPH)
  HIGHEST WIND SPEED    10   HIGHEST WIND DIRECTION    SE (140)
  HIGHEST GUST SPEED    15   HIGHEST GUST DIRECTION    SE (150)
  AVERAGE WIND SPEED     3.5


SKY COVER
  AVERAGE SKY COVER 0.0


WEATHER CONDITIONS
 THE FOLLOWING WEATHER WAS RECORDED YESTERDAY.
  NO SIGNIFICANT WEATHER WAS OBSERVED.


RELATIVE HUMIDITY (PERCENT)
 HIGHEST    72           500 AM
 LOWEST     31           400 PM
 AVERAGE    52

..........................................................


THE AUSTIN CAMP MABRY CLIMATE NORMALS FOR TODAY
                         NORMAL    RECORD    YEAR
 MAXIMUM TEMPERATURE (F)   82        95      1996
 MINIMUM TEMPERATURE (F)   61        42      1910


SUNRISE AND SUNSET
APRIL 25 2018.........SUNRISE   653 AM CDT   SUNSET   805 PM CDT
APRIL 26 2018.........SUNRISE   652 AM CDT   SUNSET   805 PM CDT


-  INDICATES NEGATIVE NUMBERS.
R  INDICATES RECORD WAS SET OR TIED.
MM INDICATES DATA IS MISSING.
T  INDICATES TRACE AMOUNT.




$$
