000
CDUS41 KGYX 240805
CLIAUG


CLIMATE REPORT
NATIONAL WEATHER SERVICE GRAY ME
404 AM EDT THU MAY 24 2018


...................................

...THE AUGUSTA CLIMATE SUMMARY FOR MAY 23 2018...

CLIMATE NORMAL PERIOD 1981 TO 2010
CLIMATE RECORD PERIOD 1948 TO 2018


WEATHER ITEM   OBSERVED TIME   RECORD YEAR NORMAL DEPARTURE LAST
                VALUE   (LST)  VALUE       VALUE  FROM      YEAR
                                                  NORMAL
..................................................................
TEMPERATURE (F)
 YESTERDAY
  MAXIMUM         80    151 PM  91    1992  67     13       71
  MINIMUM         52    445 AM  36    2015  47      5       47
  AVERAGE         66                        57      9       59

PRECIPITATION (IN)
  YESTERDAY        0.00          1.72 2005   0.12  -0.12     0.00
  MONTH TO DATE    0.98                      2.74  -1.76     3.23
  SINCE MAR 1      8.31                      9.90  -1.59    10.70
  SINCE JAN 1     15.30                     14.94   0.36    17.18

DEGREE DAYS
 HEATING
  YESTERDAY        0                         8     -8        6
  MONTH TO DATE  178                       264    -86      287
  SINCE MAR 1   1879                      1925    -46     2035
  SINCE JUL 1   6865                      7268   -403     6847

 COOLING
  YESTERDAY        1                         0      1        0
  MONTH TO DATE    3                         0      3       11
  SINCE MAR 1      3                         0      3       11
  SINCE JAN 1      3                         0      3       11
..................................................................


WIND (MPH)
  HIGHEST WIND SPEED    30   HIGHEST WIND DIRECTION     N (340)
  HIGHEST GUST SPEED    35   HIGHEST GUST DIRECTION     N (340)
  AVERAGE WIND SPEED     7.3


SKY COVER
  AVERAGE SKY COVER 0.3


WEATHER CONDITIONS
 THE FOLLOWING WEATHER WAS RECORDED YESTERDAY.
  NO SIGNIFICANT WEATHER WAS OBSERVED.


RELATIVE HUMIDITY (PERCENT)
 HIGHEST    93          1200 AM
 LOWEST     33           300 PM
 AVERAGE    63

..........................................................


THE AUGUSTA CLIMATE NORMALS FOR TODAY
                         NORMAL    RECORD    YEAR
 MAXIMUM TEMPERATURE (F)   68        90      1964
 MINIMUM TEMPERATURE (F)   47        31      1956


SUNRISE AND SUNSET
MAY 24 2018...........SUNRISE   504 AM EDT   SUNSET   809 PM EDT
MAY 25 2018...........SUNRISE   503 AM EDT   SUNSET   810 PM EDT


-  INDICATES NEGATIVE NUMBERS.
R  INDICATES RECORD WAS SET OR TIED.
MM INDICATES DATA IS MISSING.
T  INDICATES TRACE AMOUNT.




$$
