000
CDUS44 KEWX 230713
CLIAUS


CLIMATE REPORT
NATIONAL WEATHER SERVICE AUSTIN/SAN ANTONIO, TX
210 AM CDT MON APR 23 2018


...................................

...THE AUSTIN BERGSTROM CLIMATE SUMMARY FOR APRIL 22 2018...

CLIMATE NORMAL PERIOD 1981 TO 2010
CLIMATE RECORD PERIOD 1943 TO 2018


WEATHER ITEM   OBSERVED TIME   RECORD YEAR NORMAL DEPARTURE LAST
                VALUE   (LST)  VALUE       VALUE  FROM      YEAR
                                                  NORMAL
..................................................................
TEMPERATURE (F)
 YESTERDAY
  MAXIMUM         77    432 PM  94    2009  81     -4       73
  MINIMUM         52   1057 PM  39    1998  56     -4       56
  AVERAGE         65                        69     -4       65

PRECIPITATION (IN)
  YESTERDAY        0.00          1.79 1982   0.09  -0.09      T
  MONTH TO DATE    0.65                      1.51  -0.86     0.99
  SINCE MAR 1      6.86                      4.29   2.57     4.32
  SINCE JAN 1      8.18                      8.80  -0.62    11.63

SNOWFALL (IN)
  YESTERDAY        0.0
  MONTH TO DATE    0.0
  SINCE MAR 1      0.0
  SINCE JUL 1      1.3
  SNOW DEPTH       0

DEGREE DAYS
 HEATING
  YESTERDAY        0                         1     -1        0
  MONTH TO DATE   68                        56     12       10
  SINCE MAR 1    175                       278   -103       83
  SINCE JUL 1   1701                      1893   -192      957

 COOLING
  YESTERDAY        0                         5     -5        0
  MONTH TO DATE   58                        84    -26      134
  SINCE MAR 1    166                       126     40      287
  SINCE JAN 1    208                       142     66      396
..................................................................


WIND (MPH)
  HIGHEST WIND SPEED    20   HIGHEST WIND DIRECTION     N (360)
  HIGHEST GUST SPEED    26   HIGHEST GUST DIRECTION     N (340)
  AVERAGE WIND SPEED    10.4


SKY COVER
  AVERAGE SKY COVER 0.4


WEATHER CONDITIONS
 THE FOLLOWING WEATHER WAS RECORDED YESTERDAY.
  NO SIGNIFICANT WEATHER WAS OBSERVED.


RELATIVE HUMIDITY (PERCENT)
 HIGHEST    84          1200 AM
 LOWEST     38           400 PM
 AVERAGE    61

..........................................................


THE AUSTIN BERGSTROM CLIMATE NORMALS FOR TODAY
                         NORMAL    RECORD    YEAR
 MAXIMUM TEMPERATURE (F)   82        97      2000
 MINIMUM TEMPERATURE (F)   57        42      1998


SUNRISE AND SUNSET
APRIL 23 2018.........SUNRISE   655 AM CDT   SUNSET   803 PM CDT
APRIL 24 2018.........SUNRISE   654 AM CDT   SUNSET   804 PM CDT


-  INDICATES NEGATIVE NUMBERS.
R  INDICATES RECORD WAS SET OR TIED.
MM INDICATES DATA IS MISSING.
T  INDICATES TRACE AMOUNT.




$$
