957
CDAK48 PAFC 251240
CLIBET


CLIMATE REPORT
NATIONAL WEATHER SERVICE ANCHORAGE, AK
440 AM AKDT FRI MAY 25 2018


...................................

...THE BETHEL CLIMATE SUMMARY FOR MAY 24 2018...

CLIMATE NORMAL PERIOD 1981 TO 2010
CLIMATE RECORD PERIOD 1948 TO 2018


WEATHER ITEM   OBSERVED TIME   RECORD YEAR NORMAL DEPARTURE LAST
                VALUE   (LST)  VALUE       VALUE  FROM      YEAR
                                                  NORMAL
..................................................................
TEMPERATURE (F)
 YESTERDAY
  MAXIMUM         52        MM  72    1991  54     -2       44
                                      1969
  MINIMUM         41        MM  23    2000  36      5       36
  AVERAGE         47                        45      2       40

PRECIPITATION (IN)
  YESTERDAY        0.06          0.43 2017   0.04   0.02     0.43
  MONTH TO DATE    1.23                      0.86   0.37     1.85
  SINCE MAR 1      3.17                      2.31   0.86     2.62
  SINCE JAN 1      4.94                      3.81   1.13     4.51

SNOWFALL (IN)
  YESTERDAY        0.0           2.8  1998   0.0    0.0      0.0
  MONTH TO DATE    1.8                       1.9   -0.1       T
  SINCE MAR 1     10.8                      15.8   -5.0      3.8
  SINCE JUL 1     40.4                      61.6  -21.2     31.2
  SNOW DEPTH       0

DEGREE DAYS
 HEATING
  YESTERDAY       18                        20     -2       25
  MONTH TO DATE  543                       586    -43      485
  SINCE MAR 1   2809                      3273   -464     3176
  SINCE JUL 1  10062                     12011  -1949    11436

 COOLING
  YESTERDAY        0                         0      0        0
  MONTH TO DATE    0                         0      0        0
  SINCE MAR 1      0                         0      0        0
  SINCE JAN 1      0                         0      0        0
..................................................................


WIND (MPH)
  RESULTANT WIND SPEED   4   RESULTANT WIND DIRECTION   N (10)
  HIGHEST WIND SPEED    10   HIGHEST WIND DIRECTION     N (360)
  HIGHEST GUST SPEED    MM   HIGHEST GUST DIRECTION    MM
  AVERAGE WIND SPEED     7.0



WEATHER CONDITIONS
 THE FOLLOWING WEATHER WAS RECORDED YESTERDAY.
  LIGHT RAIN


RELATIVE HUMIDITY (PERCENT)
 HIGHEST    89
 LOWEST     56
 AVERAGE    73

..........................................................


THE BETHEL CLIMATE NORMALS FOR TODAY
                         NORMAL    RECORD    YEAR
 MAXIMUM TEMPERATURE (F)   54        79      1969
 MINIMUM TEMPERATURE (F)   37        21      1926


SUNRISE AND SUNSET
MAY 25 2018...........SUNRISE   541 AM AKDT  SUNSET  1149 PM AKDT
MAY 26 2018...........SUNRISE   539 AM AKDT  SUNSET  1152 PM AKDT


-  INDICATES NEGATIVE NUMBERS.
R  INDICATES RECORD WAS SET OR TIED.
MM INDICATES DATA IS MISSING.
T  INDICATES TRACE AMOUNT.




$$
