000
CDUS41 KCTP 220613
CLIBFD


CLIMATE REPORT
NATIONAL WEATHER SERVICE STATE COLLEGE PA
213 AM EDT TUE MAY 22 2018


...................................

...THE BRADFORD CLIMATE SUMMARY FOR MAY 21 2018...

CLIMATE NORMAL PERIOD 1981 TO 2010
CLIMATE RECORD PERIOD 1957 TO 2018


WEATHER ITEM   OBSERVED TIME   RECORD YEAR NORMAL DEPARTURE LAST
                VALUE   (LST)  VALUE       VALUE  FROM      YEAR
                                                  NORMAL
..................................................................
TEMPERATURE (F)
 YESTERDAY
  MAXIMUM         75    444 PM  85    2013  67      8       68
  MINIMUM         44    301 AM  24    2002  42      2       50
  AVERAGE         60                        55      5       59

PRECIPITATION (IN)
  YESTERDAY        T             1.31 2014   0.14  -0.14     0.45
  MONTH TO DATE    3.69                      2.74   0.95     3.25
  SINCE MAR 1      9.24                      9.66  -0.42    11.80
  SINCE JAN 1     16.25                     15.30   0.95    18.88

DEGREE DAYS
 HEATING
  YESTERDAY        5                         7     -2        6
  MONTH TO DATE  118                       188    -70      289
  SINCE MAR 1   2047                      1869    178     1774
  SINCE JUL 1   7143                      7439   -296     6357

 COOLING
  YESTERDAY        0                         0      0        0
  MONTH TO DATE   20                         0     20       18
  SINCE MAR 1     20                         2     18       19
  SINCE JAN 1     20                         2     18       19
..................................................................


WIND (MPH)
  HIGHEST WIND SPEED    13   HIGHEST WIND DIRECTION     E (100)
  HIGHEST GUST SPEED    17   HIGHEST GUST DIRECTION    SE (130)
  AVERAGE WIND SPEED     2.5


SKY COVER
  POSSIBLE SUNSHINE  MM
  AVERAGE SKY COVER 0.5


WEATHER CONDITIONS
 THE FOLLOWING WEATHER WAS RECORDED YESTERDAY.
  LIGHT RAIN
  FOG
  FOG W/VISIBILITY <= 1/4 MILE
  HAZE


RELATIVE HUMIDITY (PERCENT)
 HIGHEST    96           400 AM
 LOWEST     25           400 PM
 AVERAGE    61

..........................................................


THE BRADFORD CLIMATE NORMALS FOR TODAY
                         NORMAL    RECORD    YEAR
 MAXIMUM TEMPERATURE (F)   67        84      2013
 MINIMUM TEMPERATURE (F)   42        24      2002


SUNRISE AND SUNSET
MAY 22 2018...........SUNRISE   548 AM EDT   SUNSET   835 PM EDT
MAY 23 2018...........SUNRISE   548 AM EDT   SUNSET   835 PM EDT


-  INDICATES NEGATIVE NUMBERS.
R  INDICATES RECORD WAS SET OR TIED.
MM INDICATES DATA IS MISSING.
T  INDICATES TRACE AMOUNT.




$$
