000
CDUS45 KVEF 220832
CLIBIH


CLIMATE REPORT
NATIONAL WEATHER SERVICE LAS VEGAS, NV
132 AM PDT TUE MAY 22 2018


...................................

...THE BISHOP CA CLIMATE SUMMARY FOR MAY 21 2018...

CLIMATE NORMAL PERIOD 1981 TO 2010
CLIMATE RECORD PERIOD 1943 TO 2018


WEATHER ITEM   OBSERVED TIME   RECORD YEAR NORMAL DEPARTURE LAST
                VALUE   (LST)  VALUE       VALUE  FROM      YEAR
                                                  NORMAL
..................................................................
TEMPERATURE (F)
 YESTERDAY
  MAXIMUM         63   1039 AM  95    2012  84    -21       90
                                      2000
                                      1979
  MINIMUM         51    455 AM  34    2002  46      5       46
                                      1987
  AVERAGE         57                        65     -8       68

PRECIPITATION (IN)
  YESTERDAY        0.03          0.18 1959   0.01   0.02     0.00
  MONTH TO DATE    0.21                      0.12   0.09     0.35
  SINCE OCT 1      1.43                      4.43  -3.00     9.16
  SINCE JAN 1      1.27                      2.81  -1.54     8.80

SNOWFALL (IN)
  YESTERDAY        0.0          MM      MM   0.0    0.0      0.0
  MONTH TO DATE    0.0                       0.0    0.0      0.0
  SINCE MAR 1      0.0                       0.6   -0.6       T
  SINCE JUL 1      0.2                       8.0   -7.8      8.6
  SNOW DEPTH       0

DEGREE DAYS
 HEATING
  YESTERDAY        8                         3      5        0
  MONTH TO DATE   75                        95    -20       97
  SINCE MAR 1    810                       930   -120      781
  SINCE JUL 1   3639                      4137   -498     3781

 COOLING
  YESTERDAY        0                         3     -3        3
  MONTH TO DATE   34                        29      5       20
  SINCE MAR 1     46                        33     13       20
  SINCE JAN 1     46                        33     13       20
..................................................................


WIND (MPH)
  RESULTANT WIND SPEED   4   RESULTANT WIND DIRECTION   N (350)
  HIGHEST WIND SPEED    20   HIGHEST WIND DIRECTION     S (170)
  HIGHEST GUST SPEED    24   HIGHEST GUST DIRECTION     S (160)
  AVERAGE WIND SPEED     6.3


SKY COVER
  POSSIBLE SUNSHINE  MM
  AVERAGE SKY COVER 0.7


WEATHER CONDITIONS
 THE FOLLOWING WEATHER WAS RECORDED YESTERDAY.
  LIGHT RAIN


RELATIVE HUMIDITY (PERCENT)
 HIGHEST    93          1200 AM
 LOWEST     60           800 AM
 AVERAGE    77

..........................................................


THE BISHOP CA CLIMATE NORMALS FOR TODAY
                         NORMAL    RECORD    YEAR
 MAXIMUM TEMPERATURE (F)   84        99      1984
 MINIMUM TEMPERATURE (F)   46        25      2010


SUNRISE AND SUNSET
MAY 22 2018...........SUNRISE   539 AM PDT   SUNSET   801 PM PDT
MAY 23 2018...........SUNRISE   539 AM PDT   SUNSET   802 PM PDT


-  INDICATES NEGATIVE NUMBERS.
R  INDICATES RECORD WAS SET OR TIED.
MM INDICATES DATA IS MISSING.
T  INDICATES TRACE AMOUNT.




$$
