588
CDUS46 KBOI 190939
CLIBKE


CLIMATE REPORT
NATIONAL WEATHER SERVICE BOISE ID
338 AM MDT THU APR 19 2018


...................................

...THE BAKER OR CLIMATE SUMMARY FOR APRIL 18 2018...

CLIMATE NORMAL PERIOD 1981 TO 2010
CLIMATE RECORD PERIOD 1928 TO 2018


WEATHER ITEM   OBSERVED TIME   RECORD YEAR NORMAL DEPARTURE LAST
                VALUE   (LST)  VALUE       VALUE  FROM      YEAR
                                                  NORMAL
..................................................................
TEMPERATURE (F)
 YESTERDAY
  MAXIMUM         57    247 PM  85    1962  58     -1       58
  MINIMUM         22    451 AM  15    1977  29     -7       27
  AVERAGE         40                        44     -4       43

PRECIPITATION (IN)
  YESTERDAY        T             0.47 1984   0.03  -0.03     0.02
  MONTH TO DATE    0.61                      0.46   0.15     0.43
  SINCE OCT 1      3.97                      5.17  -1.20     5.77
  SINCE JAN 1      2.71                      2.66   0.05     3.03

DEGREE DAYS
 HEATING
  YESTERDAY       25                        21      4       22
  MONTH TO DATE  370                       409    -39      424
  SINCE MAR 1   1151                      1257   -106     1156
  SINCE JUL 1   5910                      6777   -867     6984

 COOLING
  YESTERDAY        0                         0      0        0
  MONTH TO DATE    0                         0      0        0
  SINCE MAR 1      0                         0      0        0
  SINCE JAN 1      0                         0      0        0
..................................................................


WIND (MPH)
  RESULTANT WIND SPEED   3   RESULTANT WIND DIRECTION   E (110)
  HIGHEST WIND SPEED    18   HIGHEST WIND DIRECTION     E (100)
  HIGHEST GUST SPEED    25   HIGHEST GUST DIRECTION     E (110)
  AVERAGE WIND SPEED     6.4


SKY COVER
  AVERAGE SKY COVER 0.3


WEATHER CONDITIONS
 THE FOLLOWING WEATHER WAS RECORDED YESTERDAY.
  FOG


RELATIVE HUMIDITY (PERCENT)
 HIGHEST    88           300 AM
 LOWEST     22           200 PM
 AVERAGE    55

..........................................................


THE BAKER OR CLIMATE NORMALS FOR TODAY
                         NORMAL    RECORD    YEAR
 MAXIMUM TEMPERATURE (F)   59        81      1934
 MINIMUM TEMPERATURE (F)   29        17      2011


SUNRISE AND SUNSET
APRIL 19 2018.........SUNRISE   600 AM PDT   SUNSET   742 PM PDT
APRIL 20 2018.........SUNRISE   558 AM PDT   SUNSET   743 PM PDT


-  INDICATES NEGATIVE NUMBERS.
R  INDICATES RECORD WAS SET OR TIED.
MM INDICATES DATA IS MISSING.
T  INDICATES TRACE AMOUNT.




$$
