000
CDUS41 KRNK 210617
CLIBLF


CLIMATE REPORT
NATIONAL WEATHER SERVICE BLACKSBURG VA
215 AM EDT SAT APR 21 2018


...................................

...THE BLUEFIELD WV CLIMATE SUMMARY FOR APRIL 20 2018...

CLIMATE NORMAL PERIOD 1981 TO 2010
CLIMATE RECORD PERIOD 1959 TO 2018


WEATHER ITEM   OBSERVED TIME   RECORD YEAR NORMAL DEPARTURE LAST
                VALUE   (LST)  VALUE       VALUE  FROM      YEAR
                                                  NORMAL
..................................................................
TEMPERATURE (F)
 YESTERDAY
  MAXIMUM         55    444 PM  88    1976  66    -11       72
  MINIMUM         29    547 AM  26    1983  47    -18       58
  AVERAGE         42                        57    -15       65

PRECIPITATION (IN)
  YESTERDAY        0.00          0.95 1981   0.11  -0.11     0.08
  MONTH TO DATE    2.91                      2.16   0.75     1.88
  SINCE MAR 1      7.60                      5.67   1.93     5.50
  SINCE JAN 1     14.28                     11.33   2.95    11.31

SNOWFALL (IN)
  YESTERDAY        0.0                                       0.0
  MONTH TO DATE    1.5                                       0.1
  SINCE MAR 1     33.8                                       3.3
  SINCE JUL 1     48.5                                      20.5
  SNOW DEPTH       0

DEGREE DAYS
 HEATING
  YESTERDAY       23                         9     14        0
  MONTH TO DATE  364                       241    123      171
  SINCE MAR 1   1217                       857    360      877
  SINCE JUL 1   4947                      4350    597     4009

 COOLING
  YESTERDAY        0                         1     -1        0
  MONTH TO DATE    4                        18    -14        2
  SINCE MAR 1      4                        22    -18        2
  SINCE JAN 1      6                        22    -16        2
..................................................................


WIND (MPH)
  HIGHEST WIND SPEED    14   HIGHEST WIND DIRECTION     N (10)
  HIGHEST GUST SPEED    19   HIGHEST GUST DIRECTION     N (10)
  AVERAGE WIND SPEED     6.0


SKY COVER
  AVERAGE SKY COVER 0.0


WEATHER CONDITIONS
 THE FOLLOWING WEATHER WAS RECORDED YESTERDAY.
  NO SIGNIFICANT WEATHER WAS OBSERVED.


RELATIVE HUMIDITY (PERCENT)
 HIGHEST    78           100 AM
 LOWEST     16           400 PM
 AVERAGE    47

..........................................................


THE BLUEFIELD WV CLIMATE NORMALS FOR TODAY
                         NORMAL    RECORD    YEAR
 MAXIMUM TEMPERATURE (F)   67        83      1985
 MINIMUM TEMPERATURE (F)   47        30      1993


SUNRISE AND SUNSET
APRIL 21 2018.........SUNRISE   642 AM EDT   SUNSET   805 PM EDT
APRIL 22 2018.........SUNRISE   641 AM EDT   SUNSET   806 PM EDT


-  INDICATES NEGATIVE NUMBERS.
R  INDICATES RECORD WAS SET OR TIED.
MM INDICATES DATA IS MISSING.
T  INDICATES TRACE AMOUNT.

$$
RCS
