549
CDUS44 KLCH 241420
CLIBPT


CLIMATE REPORT
NATIONAL WEATHER SERVICE LAKE CHARLES, LA
920 AM CDT THU MAY 24 2018


...................................

...THE BEAUMONT PORT ARTHUR CLIMATE SUMMARY FOR MAY 23 2018...

CLIMATE NORMAL PERIOD 1981 TO 2010
CLIMATE RECORD PERIOD 1901 TO 2018


WEATHER ITEM   OBSERVED TIME   RECORD YEAR NORMAL DEPARTURE LAST
                VALUE   (LST)  VALUE       VALUE  FROM      YEAR
                                                  NORMAL
..................................................................
TEMPERATURE (F)
 YESTERDAY
  MAXIMUM         89    956 AM  97    1905  86      3       83
  MINIMUM         70   1137 AM  51    2001  69      1       66
  AVERAGE         80                        78      2       75

PRECIPITATION (IN)
  YESTERDAY        0.03          5.29 1907   0.16  -0.13     0.04
  MONTH TO DATE    1.71                      3.85  -2.14     5.40
  SINCE MAR 1      6.52                     10.59  -4.07    15.96
  SINCE JAN 1     20.45                     19.43   1.02    18.01

SNOWFALL (IN)
  YESTERDAY        0.0           0.0    MM   0.0    0.0      0.0
  MONTH TO DATE    0.0                       0.0    0.0      0.0
  SINCE MAR 1      0.0                       0.0    0.0      0.0
  SINCE JUL 1      3.1                       T      3.1      0.0
  SNOW DEPTH       0

DEGREE DAYS
 HEATING
  YESTERDAY        0                         0      0        0
  MONTH TO DATE    0                         0      0        0
  SINCE MAR 1    138                       187    -49       59
  SINCE JUL 1   1253                      1400   -147      614

 COOLING
  YESTERDAY       15                        13      2       10
  MONTH TO DATE  321                       232     89      211
  SINCE MAR 1    512                       433     79      593
  SINCE JAN 1    617                       459    158      787
..................................................................


WIND (MPH)
  HIGHEST WIND SPEED    22   HIGHEST WIND DIRECTION    SE (130)
  HIGHEST GUST SPEED    27   HIGHEST GUST DIRECTION    SE (130)
  AVERAGE WIND SPEED     4.0


SKY COVER
  POSSIBLE SUNSHINE  MM
  AVERAGE SKY COVER 0.4


WEATHER CONDITIONS
 THE FOLLOWING WEATHER WAS RECORDED YESTERDAY.
  THUNDERSTORM
  LIGHT RAIN
  FOG


RELATIVE HUMIDITY (PERCENT)
 HIGHEST    93           200 AM
 LOWEST     58           500 PM
 AVERAGE    76

..........................................................


THE BEAUMONT PORT ARTHUR CLIMATE NORMALS FOR TODAY
                         NORMAL    RECORD    YEAR
 MAXIMUM TEMPERATURE (F)   87        98      1902
 MINIMUM TEMPERATURE (F)   69        55      1910


SUNRISE AND SUNSET
MAY 24 2018...........SUNRISE   618 AM CDT   SUNSET   808 PM CDT
MAY 25 2018...........SUNRISE   618 AM CDT   SUNSET   809 PM CDT


-  INDICATES NEGATIVE NUMBERS.
R  INDICATES RECORD WAS SET OR TIED.
MM INDICATES DATA IS MISSING.
T  INDICATES TRACE AMOUNT.




$$
