000
CDUS43 KDVN 240905
CLIBRL


CLIMATE REPORT
NATIONAL WEATHER SERVICE QUAD CITIES IA IL
404 AM CDT THU MAY 24 2018


...................................

...THE BURLINGTON IA CLIMATE SUMMARY FOR MAY 23 2018...

CLIMATE NORMAL PERIOD 1981 TO 2010
CLIMATE RECORD PERIOD 1897 TO 2018


WEATHER ITEM   OBSERVED TIME   RECORD YEAR NORMAL DEPARTURE LAST
                VALUE   (LST)  VALUE       VALUE  FROM      YEAR
                                                  NORMAL
..................................................................
TEMPERATURE (F)
 YESTERDAY
  MAXIMUM         86    503 PM  92    1939  77      9       67
  MINIMUM         63    414 AM  34    1963  55      8       49
  AVERAGE         75                        66      9       58

PRECIPITATION (IN)
  YESTERDAY        0.00         MM      MM   0.15  -0.15     0.03
  MONTH TO DATE    2.10                      3.66  -1.56     2.93
  SINCE MAR 1      5.59                     10.21  -4.62    11.90
  SINCE JAN 1      9.68                     13.07  -3.39    13.76

DEGREE DAYS
 HEATING
  YESTERDAY        0                         3     -3        7
  MONTH TO DATE   10                       109    -99      121
  SINCE MAR 1   1444                      1193    251     1099
  SINCE JUL 1   5937                      5571    366     4793

 COOLING
  YESTERDAY       10                         4      6        0
  MONTH TO DATE   99                        48     51       48
  SINCE MAR 1    101                        68     33       68
  SINCE JAN 1    101                        68     33       68
..................................................................


WIND (MPH)
  HIGHEST WIND SPEED    12   HIGHEST WIND DIRECTION     S (180)
  HIGHEST GUST SPEED    15   HIGHEST GUST DIRECTION     S (180)
  AVERAGE WIND SPEED     4.6


SKY COVER
  POSSIBLE SUNSHINE  MM
  AVERAGE SKY COVER 0.1


WEATHER CONDITIONS
 THE FOLLOWING WEATHER WAS RECORDED YESTERDAY.
  NO SIGNIFICANT WEATHER WAS OBSERVED.


RELATIVE HUMIDITY (PERCENT)
 HIGHEST    84           100 AM
 LOWEST     48           300 PM
 AVERAGE    66

..........................................................


THE BURLINGTON IA CLIMATE NORMALS FOR TODAY
                         NORMAL    RECORD    YEAR
 MAXIMUM TEMPERATURE (F)   77        95      1939
 MINIMUM TEMPERATURE (F)   56        38      1925


SUNRISE AND SUNSET
MAY 24 2018...........SUNRISE   540 AM CDT   SUNSET   823 PM CDT
MAY 25 2018...........SUNRISE   539 AM CDT   SUNSET   824 PM CDT


-  INDICATES NEGATIVE NUMBERS.
R  INDICATES RECORD WAS SET OR TIED.
MM INDICATES DATA IS MISSING.
T  INDICATES TRACE AMOUNT.




$$
