643
CDUS44 KBRO 232130
CLIBRO


CLIMATE REPORT
NATIONAL WEATHER SERVICE BROWNSVILLE TX
429 PM CDT WED MAY 23 2018


...................................

...THE BROWNSVILLE CLIMATE SUMMARY FOR MAY 23 2018...
VALID TODAY AS OF 0400 PM LOCAL TIME.

CLIMATE NORMAL PERIOD 1981 TO 2010
CLIMATE RECORD PERIOD 1878 TO 2018


WEATHER ITEM   OBSERVED TIME   RECORD YEAR NORMAL DEPARTURE LAST
                VALUE   (LST)  VALUE       VALUE  FROM      YEAR
                                                  NORMAL
..................................................................
TEMPERATURE (F)
 TODAY
  MAXIMUM         93    152 PM  95    2011  90      3       90
                                      1988
                                      1916
  MINIMUM         75    537 AM  58    1883  74      1       74
  AVERAGE         84                        82      2       82

PRECIPITATION (IN)
  TODAY            0.09          1.19 1990   0.09   0.00     0.42
  MONTH TO DATE    0.68                      1.91  -1.23     0.45
  SINCE MAR 1      3.07                      4.68  -1.61     2.92
  SINCE JAN 1      5.30                      7.03  -1.73     4.46

SNOWFALL (IN)
  TODAY            0.0
  MONTH TO DATE    0.0
  SINCE MAR 1      0.0
  SINCE JUL 1      0.3
  SNOW DEPTH       0

DEGREE DAYS
 HEATING
  TODAY            0                         0      0        0
  MONTH TO DATE    0                         0      0        0
  SINCE MAR 1      3                        51    -48        2
  SINCE JUL 1    485                       554    -69      201

 COOLING
  TODAY           19                        17      2       17
  MONTH TO DATE  404                       338     66      391
  SINCE MAR 1   1017                       814    203     1101
  SINCE JAN 1   1282                       955    327     1488
..................................................................


WIND (MPH)
  HIGHEST WIND SPEED    18   HIGHEST WIND DIRECTION     E (100)
  HIGHEST GUST SPEED    24   HIGHEST GUST DIRECTION    SE (130)
  AVERAGE WIND SPEED     7.4


SKY COVER
  POSSIBLE SUNSHINE  MM
  AVERAGE SKY COVER 0.3


WEATHER CONDITIONS
 THE FOLLOWING WEATHER WAS RECORDED TODAY.
  RAIN


RELATIVE HUMIDITY (PERCENT)
 HIGHEST    94           100 AM
 LOWEST     52           100 PM
 AVERAGE    73

..........................................................


THE BROWNSVILLE CLIMATE NORMALS FOR TOMORROW
                         NORMAL    RECORD    YEAR
 MAXIMUM TEMPERATURE (F)   90        96      2011
                                             1919
 MINIMUM TEMPERATURE (F)   74        57      1913


SUNRISE AND SUNSET
MAY 23 2018...........SUNRISE   640 AM CDT   SUNSET   813 PM CDT
MAY 24 2018...........SUNRISE   640 AM CDT   SUNSET   813 PM CDT


-  INDICATES NEGATIVE NUMBERS.
R  INDICATES RECORD WAS SET OR TIED.
MM INDICATES DATA IS MISSING.
T  INDICATES TRACE AMOUNT.




$$
