000
CDAK49 PAFG 230949
CLIBRW

CLIMATE REPORT
NATIONAL WEATHER SERVICE FAIRBANKS AK
149 AM AKDT MON APR 23 2018


...................................

...THE BARROW AK CLIMATE SUMMARY FOR APRIL 22 2018...

CLIMATE NORMAL PERIOD 1981 TO 2010
CLIMATE RECORD PERIOD 1920 TO 2018


WEATHER ITEM   OBSERVED TIME   RECORD YEAR NORMAL DEPARTURE LAST
                VALUE   (LST)  VALUE       VALUE  FROM      YEAR
                                                  NORMAL
..................................................................
TEMPERATURE (F)
 YESTERDAY
  MAXIMUM          7    953 PM  36    1931  13     -6       15
  MINIMUM          1    555 AM -30    1924   0      1       -2
  AVERAGE          4                         6     -2        7

PRECIPITATION (IN)
  YESTERDAY        T             0.19 2015   0.01  -0.01     0.00
  MONTH TO DATE    0.02                      0.12  -0.10      T
  SINCE MAR 1      0.60                      0.21   0.39     0.30
  SINCE JAN 1      1.00                      0.48   0.52     1.17

SNOWFALL (IN)
  YESTERDAY        T             1.9  2015   0.1   -0.1      0.0
  MONTH TO DATE    0.3                       2.3   -2.0      0.2
  SINCE MAR 1      6.2                       4.4    1.8      2.6
  SINCE JUL 1     33.4                      33.4    0.0     29.5
  SNOW DEPTH      11

DEGREE DAYS
 HEATING
  YESTERDAY       61                        59      2       58
  MONTH TO DATE 1226                      1450   -224     1278
  SINCE MAR 1   3253                      3857   -604     3515
  SINCE JUL 1  13856                     16714  -2858    14477

 COOLING
  YESTERDAY        0                         0      0        0
  MONTH TO DATE    0                         0      0        0
  SINCE MAR 1      0                         0      0        0
  SINCE JAN 1      0                         0      0        0
..................................................................


WIND (MPH)
  HIGHEST GUST SPEED    17   HIGHEST GUST DIRECTION     E (90)


SKY COVER
  AVERAGE SKY COVER 1.0


WEATHER CONDITIONS
 THE FOLLOWING WEATHER WAS RECORDED YESTERDAY.
  LIGHT SNOW
  FOG
  HAZE


RELATIVE HUMIDITY (PERCENT)
 HIGHEST   100
 LOWEST     69
 AVERAGE    85

..........................................................


THE BARROW AK CLIMATE NORMALS FOR TODAY
                         NORMAL    RECORD    YEAR
 MAXIMUM TEMPERATURE (F)   14        40      1931
 MINIMUM TEMPERATURE (F)    0       -28      1984


SUNRISE AND SUNSET
APRIL 23 2018.........SUNRISE   526 AM AKDT  SUNSET  1130 PM AKDT
APRIL 24 2018.........SUNRISE   520 AM AKDT  SUNSET  1136 PM AKDT

-  INDICATES NEGATIVE NUMBERS.
R  INDICATES RECORD WAS SET OR TIED.
MM INDICATES DATA IS MISSING.
T  INDICATES TRACE AMOUNT.

&&

SNOW DEPTH IS MEASURED AT 3AM AKST/4AM AKDT.

----------------------------
AVAILABLE DAYLIGHT

AMOUNT OF DAYLIGHT TODAY  (HOUR:MIN)........18:05
GAIN/LOSS SINCE YESTERDAY (HOUR:MIN:SEC)....+0:11:40

$$
AY APR 18
