000
CDUS44 KLIX 190729
CLIBTR


CLIMATE REPORT
NATIONAL WEATHER SERVICE NEW ORLEANS
226 AM CDT THU APR 19 2018


...................................

...THE BATON ROUGE CLIMATE SUMMARY FOR APRIL 18 2018...

CLIMATE NORMAL PERIOD 1981 TO 2010
CLIMATE RECORD PERIOD 1894 TO 2018


WEATHER ITEM   OBSERVED TIME   RECORD YEAR NORMAL DEPARTURE LAST
                VALUE   (LST)  VALUE       VALUE  FROM      YEAR
                                                  NORMAL
..................................................................
TEMPERATURE (F)
 YESTERDAY
  MAXIMUM         82    343 PM  93    2006  80      2       85
  MINIMUM         60    435 AM  38    1997  57      3       64
  AVERAGE         71                        69      2       75

PRECIPITATION (IN)
  YESTERDAY        0.00          2.40 1901   0.15  -0.15     0.00
  MONTH TO DATE    4.81                      2.77   2.04     4.18
  SINCE MAR 1      9.89                      7.18   2.71     7.92
  SINCE JAN 1     21.08                     17.94   3.14    19.35

SNOWFALL (IN)
  YESTERDAY        0.0
  MONTH TO DATE    0.0
  SINCE MAR 1      0.0
  SINCE JUL 1      4.0
  SNOW DEPTH       0

DEGREE DAYS
 HEATING
  YESTERDAY        0                         1     -1        0
  MONTH TO DATE   62                        42     20        6
  SINCE MAR 1    192                       209    -17       90
  SINCE JUL 1   1477                      1544    -67      794

 COOLING
  YESTERDAY        6                         5      1       10
  MONTH TO DATE   31                        70    -39      101
  SINCE MAR 1    112                       128    -16      239
  SINCE JAN 1    231                       159     72      382
..................................................................


WIND (MPH)
  HIGHEST WIND SPEED    18   HIGHEST WIND DIRECTION    SW (220)
  HIGHEST GUST SPEED    22   HIGHEST GUST DIRECTION    SW (230)
  AVERAGE WIND SPEED     9.6


SKY COVER
  POSSIBLE SUNSHINE  MM
  AVERAGE SKY COVER 0.4


WEATHER CONDITIONS
 THE FOLLOWING WEATHER WAS RECORDED YESTERDAY.
  NO SIGNIFICANT WEATHER WAS OBSERVED.


RELATIVE HUMIDITY (PERCENT)
 HIGHEST    90           400 AM
 LOWEST     49           200 PM
 AVERAGE    70

..........................................................


THE BATON ROUGE  ASOS CLIMATE NORMALS FOR TODAY
                         NORMAL    RECORD    YEAR
 MAXIMUM TEMPERATURE (F)   80        90      2006
                                             1987
 MINIMUM TEMPERATURE (F)   58        40      2001


SUNRISE AND SUNSET
APRIL 19 2018.........SUNRISE   633 AM CDT   SUNSET   735 PM CDT
APRIL 20 2018.........SUNRISE   632 AM CDT   SUNSET   736 PM CDT


-  INDICATES NEGATIVE NUMBERS.
R  INDICATES RECORD WAS SET OR TIED.
MM INDICATES DATA IS MISSING.
T  INDICATES TRACE AMOUNT.




$$
