000
CDUS41 KCLE 262118
CLICAK


CLIMATE REPORT
NATIONAL WEATHER SERVICE CLEVELAND OH
518 PM EDT THU APR 26 2018


...................................

...THE AKRON CANTON OH CLIMATE SUMMARY FOR APRIL 26 2018...
VALID TODAY AS OF 0500 PM LOCAL TIME.

CLIMATE NORMAL PERIOD 1981 TO 2010
CLIMATE RECORD PERIOD 1887 TO 2018


WEATHER ITEM   OBSERVED TIME   RECORD YEAR NORMAL DEPARTURE LAST
                VALUE   (LST)  VALUE       VALUE  FROM      YEAR
                                                  NORMAL
..................................................................
TEMPERATURE (F)
 TODAY
  MAXIMUM         62    359 PM  89    1915  64     -2       81
  MINIMUM         34    435 AM  25    2006  42     -8       54
                                      1972
  AVERAGE         48                        53     -5       68

PRECIPITATION (IN)
  TODAY            0.00                      0.11  -0.11     0.00
  MONTH TO DATE    5.53                      3.09   2.44     3.56
  SINCE MAR 1      8.62                      6.07   2.55     9.09
  SINCE JAN 1     16.17                     10.99   5.18    17.60

SNOWFALL (IN)
  TODAY            0.0                       0.0    0.0      0.0
  MONTH TO DATE    6.2                       2.6    3.6      2.5
  SINCE MAR 1     15.1                      10.8    4.3     16.0
  SINCE JUL 1     53.3                      47.3    6.0     37.2
  SNOW DEPTH       0

DEGREE DAYS
 HEATING
  TODAY           17                        12      5        0
  MONTH TO DATE  536                       433    103      254
  SINCE MAR 1   1478                      1284    194     1057
  SINCE JUL 1   5624                      5828   -204     4657

 COOLING
  TODAY            0                         0      0        3
  MONTH TO DATE    8                         0      8       20
  SINCE MAR 1      8                         0      8       20
  SINCE JAN 1     11                         0     11       22
..................................................................


WIND (MPH)
  HIGHEST WIND SPEED    12   HIGHEST WIND DIRECTION     W (290)
  HIGHEST GUST SPEED    16   HIGHEST GUST DIRECTION    SW (240)


SKY COVER
  POSSIBLE SUNSHINE  MM
  AVERAGE SKY COVER 0.4


WEATHER CONDITIONS
 THE FOLLOWING WEATHER WAS RECORDED TODAY.
  NO SIGNIFICANT WEATHER WAS OBSERVED.


RELATIVE HUMIDITY (PERCENT)
 HIGHEST    89           200 AM
 LOWEST     36           400 PM
 AVERAGE    63

..........................................................


THE AKRON CANTON OH CLIMATE NORMALS FOR TOMORROW
                         NORMAL    RECORD    YEAR
 MAXIMUM TEMPERATURE (F)   64        87      1990
 MINIMUM TEMPERATURE (F)   43        27      1993
                                             1971


SUNRISE AND SUNSET
APRIL 26 2018.........SUNRISE   631 AM EDT   SUNSET   817 PM EDT
APRIL 27 2018.........SUNRISE   629 AM EDT   SUNSET   818 PM EDT


-  INDICATES NEGATIVE NUMBERS.
R  INDICATES RECORD WAS SET OR TIED.
MM INDICATES DATA IS MISSING.
T  INDICATES TRACE AMOUNT.




$$
