000
CDUS41 KCAR 252028
CLICAR

CLIMATE REPORT
NATIONAL WEATHER SERVICE CARIBOU, ME
426 PM EDT FRI MAY 25 2018


...................................

...THE CARIBOU ME CLIMATE SUMMARY FOR MAY 25 2018...
VALID TODAY AS OF 0400 PM LOCAL TIME.

CLIMATE NORMAL PERIOD 1981 TO 2010
CLIMATE RECORD PERIOD 1939 TO 2018


WEATHER ITEM   OBSERVED TIME   RECORD YEAR NORMAL DEPARTURE LAST
                VALUE   (LST)  VALUE       VALUE  FROM      YEAR
                                                  NORMAL
..................................................................
TEMPERATURE (F)
 TODAY
  MAXIMUM         68    259 PM  91    2007  66      2       68
  MINIMUM         48    632 AM  27    1956  43      5       47
  AVERAGE         58                        54      4       58

PRECIPITATION (IN)
  TODAY            0.28          1.27 2013   0.12   0.16     0.01
  MONTH TO DATE    2.24                      2.65  -0.41     3.74
  SINCE MAR 1      9.56                      7.82   1.74    10.32
  SINCE JAN 1     17.06                     12.74   4.32    15.94

SNOWFALL (IN)
  TODAY            0.0           0.2  1974   0.0    0.0      0.0
  MONTH TO DATE    0.0                       0.5   -0.5       T
  SINCE MAR 1     34.9                      26.2    8.7     33.0
  SINCE JUL 1    137.2                     108.7   28.5    129.6
  SNOW DEPTH       0

DEGREE DAYS
 HEATING
  TODAY            7                        11     -4        7
  MONTH TO DATE  330                       365    -35      323
  SINCE MAR 1   2316                      2410    -94     2410
  SINCE JUL 1   8519                      9131   -612     8391

 COOLING
  TODAY            0                         0      0        0
  MONTH TO DATE    0                         0      0        6
  SINCE MAR 1      0                         0      0        6
  SINCE JAN 1      0                         0      0        6
..................................................................


WIND (MPH)
  HIGHEST WIND SPEED    13   HIGHEST WIND DIRECTION     S (190)
  HIGHEST GUST SPEED    16   HIGHEST GUST DIRECTION     S (170)
  AVERAGE WIND SPEED     4.5


SKY COVER
  POSSIBLE SUNSHINE  MM
  AVERAGE SKY COVER 0.8


WEATHER CONDITIONS
 THE FOLLOWING WEATHER WAS RECORDED TODAY.
  THUNDERSTORM
  LIGHT RAIN
  FOG


RELATIVE HUMIDITY (PERCENT)
 HIGHEST    93           300 AM
 LOWEST     63           300 PM
 AVERAGE    78

..........................................................


THE CARIBOU ME CLIMATE NORMALS FOR TOMORROW
                         NORMAL    RECORD    YEAR
 MAXIMUM TEMPERATURE (F)   66        88      1950
 MINIMUM TEMPERATURE (F)   44        32      1972
                                             1969
                                             1956


SUNRISE AND SUNSET
MAY 25 2018...........SUNRISE   447 AM EDT   SUNSET   812 PM EDT
MAY 26 2018...........SUNRISE   446 AM EDT   SUNSET   813 PM EDT


-  INDICATES NEGATIVE NUMBERS.
R  INDICATES RECORD WAS SET OR TIED.
MM INDICATES DATA IS MISSING.
T  INDICATES TRACE AMOUNT.

..........................................................
4 INCH SOIL TEMPERATURE UNDER SOD
MAXIMUM: MISSING
MINIMUM: 54F



$$
