000
CDUS44 KLUB 220127
CLICDS


CLIMATE REPORT
NATIONAL WEATHER SERVICE LUBBOCK, TX
826 PM CDT MON MAY 21 2018


...................................

...THE CHILDRESS CLIMATE SUMMARY FOR MAY 21 2018...
VALID TODAY AS OF 0800 PM LOCAL TIME.

CLIMATE NORMAL PERIOD 1981 TO 2010
CLIMATE RECORD PERIOD 1893 TO 2018


WEATHER ITEM   OBSERVED TIME   RECORD YEAR NORMAL DEPARTURE LAST
                VALUE   (LST)  VALUE       VALUE  FROM      YEAR
                                                  NORMAL
..................................................................
TEMPERATURE (F)
 TODAY
  MAXIMUM         82    440 PM 103    1953  85     -3       81
  MINIMUM         59    350 AM  41    1967  60     -1       51
  AVERAGE         71                        73     -2       66

PRECIPITATION (IN)
  TODAY            0.00          2.35 1908   0.12  -0.12     0.00
  MONTH TO DATE    4.57                      1.90   2.67     0.96
  SINCE MAR 1      5.25                      5.55  -0.30     4.98
  SINCE JAN 1      5.50                      7.33  -1.83     9.20

SNOWFALL (IN)
  TODAY            0.0                       0.0    0.0      0.0
  MONTH TO DATE    0.0                       0.0    0.0      0.0
  SINCE MAR 1      T                         0.6   -0.6      0.0
  SINCE JUL 1      1.0                       7.0   -6.0      1.5
  SNOW DEPTH       0

DEGREE DAYS
 HEATING
  TODAY            0                         1     -1        0
  MONTH TO DATE    0                        26    -26       20
  SINCE MAR 1    489                       554    -65      379
  SINCE JUL 1   2930                      3114   -184     2327

 COOLING
  TODAY            6                         8     -2        1
  MONTH TO DATE  256                       126    130      112
  SINCE MAR 1    354                       216    138      247
  SINCE JAN 1    365                       217    148      262
..................................................................


WIND (MPH)
  RESULTANT WIND SPEED   5   RESULTANT WIND DIRECTION  SE (120)
  HIGHEST WIND SPEED    14   HIGHEST WIND DIRECTION    SE (130)
  HIGHEST GUST SPEED    18   HIGHEST GUST DIRECTION    SE (120)
  AVERAGE WIND SPEED     6.1


SKY COVER
  AVERAGE SKY COVER 0.4


WEATHER CONDITIONS
 THE FOLLOWING WEATHER WAS RECORDED TODAY.
  NO SIGNIFICANT WEATHER WAS OBSERVED.


RELATIVE HUMIDITY (PERCENT)
 HIGHEST   100           400 AM
 LOWEST     54           400 PM
 AVERAGE    77

..........................................................


THE CHILDRESS CLIMATE NORMALS FOR TOMORROW
                         NORMAL    RECORD    YEAR
 MAXIMUM TEMPERATURE (F)   86       107      1939
 MINIMUM TEMPERATURE (F)   60        40      1931


SUNRISE AND SUNSET
MAY 21 2018...........SUNRISE   635 AM CDT   SUNSET   841 PM CDT
MAY 22 2018...........SUNRISE   634 AM CDT   SUNSET   842 PM CDT


-  INDICATES NEGATIVE NUMBERS.
R  INDICATES RECORD WAS SET OR TIED.
MM INDICATES DATA IS MISSING.
T  INDICATES TRACE AMOUNT.




$$
