281
CDUS43 KDVN 220903
CLICID


CLIMATE REPORT
NATIONAL WEATHER SERVICE QUAD CITIES IA IL
403 AM CDT SUN APR 22 2018


...................................

...THE CEDAR RAPIDS IA CLIMATE SUMMARY FOR APRIL 21 2018...

CLIMATE NORMAL PERIOD 1981 TO 2010
CLIMATE RECORD PERIOD 1891 TO 2018


WEATHER ITEM   OBSERVED TIME   RECORD YEAR NORMAL DEPARTURE LAST
                VALUE   (LST)  VALUE       VALUE  FROM      YEAR
                                                  NORMAL
..................................................................
TEMPERATURE (F)
 YESTERDAY
  MAXIMUM         62    229 PM  90    1980  63     -1       59
  MINIMUM         43    539 AM  23    1934  40      3       38
  AVERAGE         53                        51      2       49

PRECIPITATION (IN)
  YESTERDAY        0.00         MM      MM   0.11  -0.11     0.00
  MONTH TO DATE    0.43                      2.00  -1.57     2.50
  SINCE MAR 1      2.33                      4.10  -1.77     4.75
  SINCE JAN 1      4.36                      6.24  -1.88     6.92

DEGREE DAYS
 HEATING
  YESTERDAY       12                        14     -2       16
  MONTH TO DATE  610                       372    238      236
  SINCE MAR 1   1523                      1253    270     1092
  SINCE JUL 1   6578                      6536     42     5368

 COOLING
  YESTERDAY        0                         0      0        0
  MONTH TO DATE    0                         0      0        9
  SINCE MAR 1      0                         0      0        9
  SINCE JAN 1      0                         0      0        9
..................................................................


WIND (MPH)
  HIGHEST WIND SPEED    20   HIGHEST WIND DIRECTION     E (90)
  HIGHEST GUST SPEED    23   HIGHEST GUST DIRECTION     E (80)
  AVERAGE WIND SPEED    10.0


SKY COVER
  POSSIBLE SUNSHINE  MM
  AVERAGE SKY COVER 0.2


WEATHER CONDITIONS
 THE FOLLOWING WEATHER WAS RECORDED YESTERDAY.
  NO SIGNIFICANT WEATHER WAS OBSERVED.


RELATIVE HUMIDITY (PERCENT)
 HIGHEST    61          1100 PM
 LOWEST     25           100 PM
 AVERAGE    43

..........................................................


THE CEDAR RAPIDS IA CLIMATE NORMALS FOR TODAY
                         NORMAL    RECORD    YEAR
 MAXIMUM TEMPERATURE (F)   63        95      1980
 MINIMUM TEMPERATURE (F)   40        22      1986


SUNRISE AND SUNSET
APRIL 22 2018.........SUNRISE   616 AM CDT   SUNSET   756 PM CDT
APRIL 23 2018.........SUNRISE   614 AM CDT   SUNSET   757 PM CDT


-  INDICATES NEGATIVE NUMBERS.
R  INDICATES RECORD WAS SET OR TIED.
MM INDICATES DATA IS MISSING.
T  INDICATES TRACE AMOUNT.




$$
