000
CDUS44 KHGX 230727
CLICLL


CLIMATE REPORT
NATIONAL WEATHER SERVICE HOUSTON/GALVESTON TX
221 AM CDT MON APR 23 2018


...................................

...THE COLLEGE STATION CLIMATE SUMMARY FOR APRIL 22 2018...

CLIMATE NORMAL PERIOD 1981 TO 2010
CLIMATE RECORD PERIOD 1902 TO 2018


WEATHER ITEM   OBSERVED TIME   RECORD YEAR NORMAL DEPARTURE LAST
                VALUE   (LST)  VALUE       VALUE  FROM      YEAR
                                                  NORMAL
..................................................................
TEMPERATURE (F)
 YESTERDAY
  MAXIMUM         71    453 PM  93    2011  80     -9       72
  MINIMUM         52   1155 PM  42    1998  60     -8       55
                                      1959
  AVERAGE         62                        70     -8       64

PRECIPITATION (IN)
  YESTERDAY        0.00          2.03 1952   0.09  -0.09     0.01
  MONTH TO DATE    1.48                      1.81  -0.33     2.74
  SINCE MAR 1      7.64                      4.98   2.66     4.50
  SINCE JAN 1     10.56                     11.07  -0.51    11.50

SNOWFALL (IN)
  YESTERDAY        0.0
  MONTH TO DATE    0.0
  SINCE JUL 1      5.0

DEGREE DAYS
 HEATING
  YESTERDAY        3                         1      2        1
  MONTH TO DATE   70                        42     28        8
  SINCE MAR 1    150                       214    -64       74
  SINCE JUL 1   1517                      1601    -84      843

 COOLING
  YESTERDAY        0                         6     -6        0
  MONTH TO DATE   59                        98    -39      131
  SINCE MAR 1    161                       157      4      272
  SINCE JAN 1    207                       185     22      403
..................................................................


WIND (MPH)
  HIGHEST WIND SPEED    21   HIGHEST WIND DIRECTION     N (340)
  HIGHEST GUST SPEED    26   HIGHEST GUST DIRECTION     N (350)
  AVERAGE WIND SPEED    11.5


SKY COVER
  AVERAGE SKY COVER 0.4


WEATHER CONDITIONS
 THE FOLLOWING WEATHER WAS RECORDED YESTERDAY.
  FOG


RELATIVE HUMIDITY (PERCENT)
 HIGHEST   100           300 AM
 LOWEST     44           500 PM
 AVERAGE    72

..........................................................


THE COLLEGE STATION CLIMATE NORMALS FOR TODAY
                         NORMAL    RECORD    YEAR
 MAXIMUM TEMPERATURE (F)   81        95      1891
 MINIMUM TEMPERATURE (F)   60        43      1907


SUNRISE AND SUNSET
APRIL 23 2018.........SUNRISE   649 AM CDT   SUNSET   759 PM CDT
APRIL 24 2018.........SUNRISE   648 AM CDT   SUNSET   759 PM CDT


-  INDICATES NEGATIVE NUMBERS.
R  INDICATES RECORD WAS SET OR TIED.
MM INDICATES DATA IS MISSING.
T  INDICATES TRACE AMOUNT.




$$
