000
CDUS41 KILN 232055
CLICMH


CLIMATE REPORT
NATIONAL WEATHER SERVICE WILMINGTON OH
454 PM EDT WED MAY 23 2018


...................................

...THE COLUMBUS OH CLIMATE SUMMARY FOR MAY 23 2018...
VALID TODAY AS OF 0400 PM LOCAL TIME.

CLIMATE NORMAL PERIOD 1981 TO 2010
CLIMATE RECORD PERIOD 1869 TO 2018


WEATHER ITEM   OBSERVED TIME   RECORD YEAR NORMAL DEPARTURE LAST
                VALUE   (LST)  VALUE       VALUE  FROM      YEAR
                                                  NORMAL
..................................................................
TEMPERATURE (F)
 TODAY
  MAXIMUM         77    320 PM  90    1939  75      2       75
  MINIMUM         62    424 AM  34    1963  54      8       51
  AVERAGE         70                        65      5       63

PRECIPITATION (IN)
  TODAY            0.00          1.92 1968   0.14  -0.14     0.00
  MONTH TO DATE    2.28                      3.01  -0.73     4.34
  SINCE MAR 1     10.47                      9.43   1.04    12.32
  SINCE JAN 1     18.11                     14.41   3.70    17.78

SNOWFALL (IN)
  TODAY            0.0          MM      MM   0.0    0.0      0.0
  MONTH TO DATE    0.0                       0.0    0.0      0.0
  SINCE MAR 1      6.1                       5.3    0.8      1.7
  SINCE JUL 1     30.7                      26.7    4.0      9.3
  SNOW DEPTH       0

DEGREE DAYS
 HEATING
  TODAY            0                         3     -3        2
  MONTH TO DATE   10                       124   -114      134
  SINCE MAR 1   1345                      1211    134     1001
  SINCE JUL 1   5192                      5206    -14     4270

 COOLING
  TODAY            5                         3      2        0
  MONTH TO DATE  134                        41     93       47
  SINCE MAR 1    143                        53     90       91
  SINCE JAN 1    147                        53     94       95
..................................................................


WIND (MPH)
  HIGHEST WIND SPEED    15   HIGHEST WIND DIRECTION     N (20)
  HIGHEST GUST SPEED    20   HIGHEST GUST DIRECTION    NE (40)
  AVERAGE WIND SPEED     7.7


SKY COVER
  POSSIBLE SUNSHINE  MM
  AVERAGE SKY COVER 0.6


WEATHER CONDITIONS
 THE FOLLOWING WEATHER WAS RECORDED TODAY.
  NO SIGNIFICANT WEATHER WAS OBSERVED.


RELATIVE HUMIDITY (PERCENT)
 HIGHEST    87           100 AM
 LOWEST     46           300 PM
 AVERAGE    67

..........................................................


THE COLUMBUS OH CLIMATE NORMALS FOR TOMORROW
                         NORMAL    RECORD    YEAR
 MAXIMUM TEMPERATURE (F)   75        90      1975
                                             1880
 MINIMUM TEMPERATURE (F)   55        36      1956
                                             1925


SUNRISE AND SUNSET
MAY 23 2018...........SUNRISE   610 AM EDT   SUNSET   847 PM EDT
MAY 24 2018...........SUNRISE   609 AM EDT   SUNSET   848 PM EDT


-  INDICATES NEGATIVE NUMBERS.
R  INDICATES RECORD WAS SET OR TIED.
MM INDICATES DATA IS MISSING.
T  INDICATES TRACE AMOUNT.




$$
