000
CDUS43 KILX 190640
CLICMI


CLIMATE REPORT
NATIONAL WEATHER SERVICE LINCOLN IL
138 AM CDT THU APR 19 2018


...................................

...THE CHAMPAIGN IL AIRPORT CLIMATE SUMMARY FOR APRIL 18 2018...

CLIMATE NORMAL PERIOD 1981 TO 2010
CLIMATE RECORD PERIOD 9999 TO 9999


WEATHER ITEM   OBSERVED TIME   RECORD YEAR NORMAL DEPARTURE LAST
                VALUE   (LST)  VALUE       VALUE  FROM      YEAR
                                                  NORMAL
..................................................................
TEMPERATURE (F)
 YESTERDAY
  MAXIMUM         57   1248 PM  MM      MM  65     -8       79
  MINIMUM         32    427 AM  MM      MM  41     -9       44
  AVERAGE         45                        53     -8       62

PRECIPITATION (IN)
  YESTERDAY        T            MM      MM   0.12  -0.12     0.00
  MONTH TO DATE    1.83                      2.17  -0.34     2.18
  SINCE MAR 1      4.55                      4.92  -0.37     4.33
  SINCE JAN 1     11.29                      8.99   2.30     7.07

DEGREE DAYS
 HEATING
  YESTERDAY       20                        13      7        3
  MONTH TO DATE  427                       284    143      160
  SINCE MAR 1   1265                      1040    225      828
  SINCE JUL 1   5510                      5542    -32     4347

 COOLING
  YESTERDAY        0                         0      0        0
  MONTH TO DATE    3                         0      3       10
  SINCE MAR 1      3                         1      2       10
  SINCE JAN 1      3                         1      2       10
..................................................................


WIND (MPH)
  HIGHEST WIND SPEED    37   HIGHEST WIND DIRECTION     W (270)
  HIGHEST GUST SPEED    44   HIGHEST GUST DIRECTION     W (270)
  AVERAGE WIND SPEED    19.8


SKY COVER
  POSSIBLE SUNSHINE  MM
  AVERAGE SKY COVER 0.7


WEATHER CONDITIONS
 THE FOLLOWING WEATHER WAS RECORDED YESTERDAY.
  LIGHT SNOW
  FOG


RELATIVE HUMIDITY (PERCENT)
 HIGHEST    96          1100 PM
 LOWEST     59          1100 AM
 AVERAGE    78

..........................................................


THE CHAMPAIGN IL AIRPORT CLIMATE NORMALS FOR TODAY
                         NORMAL    RECORD    YEAR
 MAXIMUM TEMPERATURE (F)   65        MM        MM
 MINIMUM TEMPERATURE (F)   41        MM        MM


SUNRISE AND SUNSET
APRIL 19 2018.........SUNRISE   609 AM CDT   SUNSET   736 PM CDT
APRIL 20 2018.........SUNRISE   608 AM CDT   SUNSET   737 PM CDT


-  INDICATES NEGATIVE NUMBERS.
R  INDICATES RECORD WAS SET OR TIED.
MM INDICATES DATA IS MISSING.
T  INDICATES TRACE AMOUNT.




$$
