000
CDUS41 KGYX 220802
CLICON


CLIMATE REPORT
NATIONAL WEATHER SERVICE GRAY ME
401 AM EDT SUN APR 22 2018


...................................

...THE CONCORD NH CLIMATE SUMMARY FOR APRIL 21 2018...

CLIMATE NORMAL PERIOD 1981 TO 2010
CLIMATE RECORD PERIOD 1868 TO 2018


WEATHER ITEM   OBSERVED TIME   RECORD YEAR NORMAL DEPARTURE LAST
                VALUE   (LST)  VALUE       VALUE  FROM      YEAR
                                                  NORMAL
..................................................................
TEMPERATURE (F)
 YESTERDAY
  MAXIMUM         58    353 PM  84    1977  60     -2       46
                                      1957
  MINIMUM         29    459 AM  16    1875  35     -6       40
  AVERAGE         44                        47     -3       43

PRECIPITATION (IN)
  YESTERDAY        0.00          1.34 2009   0.10  -0.10     0.64
  MONTH TO DATE    3.15                      2.39   0.76     3.30
  SINCE MAR 1      5.73                      5.66   0.07     7.28
  SINCE JAN 1     12.49                     10.98   1.51    12.23

SNOWFALL (IN)
  YESTERDAY        0.0           2.5  1937   0.1   -0.1      0.0
  MONTH TO DATE    1.7                       2.6   -0.9      6.9
  SINCE MAR 1     30.4                      13.7   16.7     29.3
  SINCE JUL 1     87.9                      61.2   26.7     86.3
  SNOW DEPTH       0

DEGREE DAYS
 HEATING
  YESTERDAY       21                        18      3       22
  MONTH TO DATE  556                       457     99      374
  SINCE MAR 1   1525                      1444     81     1478
  SINCE JUL 1   6322                      6704   -382     5976

 COOLING
  YESTERDAY        0                         0      0        0
  MONTH TO DATE    0                         0      0        2
  SINCE MAR 1      0                         0      0        2
  SINCE JAN 1      0                         0      0        2
..................................................................


WIND (MPH)
  RESULTANT WIND SPEED   9   RESULTANT WIND DIRECTION  NW (310)
  HIGHEST WIND SPEED    22   HIGHEST WIND DIRECTION    NW (310)
  HIGHEST GUST SPEED    30   HIGHEST GUST DIRECTION    NW (320)
  AVERAGE WIND SPEED     9.0


SKY COVER
  AVERAGE SKY COVER 0.0


WEATHER CONDITIONS
 THE FOLLOWING WEATHER WAS RECORDED YESTERDAY.
  NO SIGNIFICANT WEATHER WAS OBSERVED.


RELATIVE HUMIDITY (PERCENT)
 HIGHEST    78           400 AM
 LOWEST     21           300 PM
 AVERAGE    50

..........................................................


THE CONCORD NH CLIMATE NORMALS FOR TODAY
                         NORMAL    RECORD    YEAR
 MAXIMUM TEMPERATURE (F)   61        86      1973
 MINIMUM TEMPERATURE (F)   35        16      1947


SUNRISE AND SUNSET
APRIL 22 2018.........SUNRISE   553 AM EDT   SUNSET   737 PM EDT
APRIL 23 2018.........SUNRISE   551 AM EDT   SUNSET   738 PM EDT


-  INDICATES NEGATIVE NUMBERS.
R  INDICATES RECORD WAS SET OR TIED.
MM INDICATES DATA IS MISSING.
T  INDICATES TRACE AMOUNT.




$$
