000
CDUS45 KPUB 260025
CLICOS


CLIMATE REPORT
NATIONAL WEATHER SERVICE PUEBLO
625 PM MDT FRI MAY 25 2018


...................................

...THE COLORADO SPRINGS CO CLIMATE SUMMARY FOR MAY 25 2018...
VALID TODAY AS OF 0500 PM LOCAL TIME.

CLIMATE NORMAL PERIOD 1981 TO 2010
CLIMATE RECORD PERIOD 1872 TO 2018


WEATHER ITEM   OBSERVED TIME   RECORD YEAR NORMAL DEPARTURE LAST
                VALUE   (LST)  VALUE       VALUE  FROM      YEAR
                                                  NORMAL
..................................................................
TEMPERATURE (F)
 TODAY
  MAXIMUM         88    305 PM  92    1964  72     16       81
  MINIMUM         50    435 AM  30    1950  45      5       52
  AVERAGE         69                        58     11       67

PRECIPITATION (IN)
  TODAY            0.00          1.29 1996   0.07  -0.07      T
  MONTH TO DATE    0.35                      1.55  -1.20     2.54
  SINCE MAR 1      2.03                      3.97  -1.94     5.12
  SINCE JAN 1      2.59                      4.63  -2.04     5.51

SNOWFALL (IN)
  TODAY            0.0           0.8  1950   0.0    0.0      0.0
  MONTH TO DATE    T                         0.7   -0.7      0.1
  SINCE MAR 1      8.4                      13.7   -5.3     11.8
  SINCE JUL 1     21.6                      37.7  -16.1     25.2
  SNOW DEPTH       0

DEGREE DAYS
 HEATING
  TODAY            0                         7     -7        0
  MONTH TO DATE  108                       254   -146      239
  SINCE MAR 1   1334                      1613   -279     1280
  SINCE JUL 1   5318                      6176   -858     5033

 COOLING
  TODAY            4                         1      3        2
  MONTH TO DATE   16                         1     15        2
  SINCE MAR 1     16                         2     14        2
  SINCE JAN 1     16                         2     14        2
..................................................................


WIND (MPH)
  HIGHEST WIND SPEED    22   HIGHEST WIND DIRECTION    SE (120)
  HIGHEST GUST SPEED    35   HIGHEST GUST DIRECTION     S (170)
  AVERAGE WIND SPEED     9.3


SKY COVER
  POSSIBLE SUNSHINE  MM
  AVERAGE SKY COVER 0.2


WEATHER CONDITIONS
 THE FOLLOWING WEATHER WAS RECORDED TODAY.
  NO SIGNIFICANT WEATHER WAS OBSERVED.


RELATIVE HUMIDITY (PERCENT)
 HIGHEST    63           100 AM
 LOWEST     11           200 PM
 AVERAGE    37

..........................................................


THE COLORADO SPRINGS CO CLIMATE NORMALS FOR TOMORROW
                         NORMAL    RECORD    YEAR
 MAXIMUM TEMPERATURE (F)   72        90      2012
 MINIMUM TEMPERATURE (F)   46        28      1950


SUNRISE AND SUNSET
MAY 25 2018...........SUNRISE   539 AM MDT   SUNSET   813 PM MDT
MAY 26 2018...........SUNRISE   539 AM MDT   SUNSET   814 PM MDT


-  INDICATES NEGATIVE NUMBERS.
R  INDICATES RECORD WAS SET OR TIED.
MM INDICATES DATA IS MISSING.
T  INDICATES TRACE AMOUNT.




$$
