000
CDUS44 KCRP 182343
CLICRP

CLIMATE REPORT
NATIONAL WEATHER SERVICE CORPUS CHRISTI TX
642 PM CDT WED APR 18 2018

...................................

...THE CORPUS CHRISTI CLIMATE SUMMARY FOR APRIL 18 2018...
VALID TODAY AS OF 433 PM LOCAL TIME.

CLIMATE NORMAL PERIOD 1981 TO 2010
CLIMATE RECORD PERIOD 1887 TO 2018


WEATHER ITEM   OBSERVED TIME   RECORD YEAR NORMAL DEPARTURE LAST
                VALUE   (LST)  VALUE       VALUE  FROM      YEAR
                                                  NORMAL
..................................................................
TEMPERATURE (F)
 TODAY
  MAXIMUM         82    330 PM  96    1975  82      0       83
  MINIMUM         64    632 AM  49    1921  64      0       69
  AVERAGE         73                        73      0       76

PRECIPITATION (IN)
  TODAY            0.00          1.98 2016   0.07  -0.07     0.01
  MONTH TO DATE    0.10                      1.03  -0.93     1.91
  SINCE MAR 1      2.11                      2.92  -0.81     6.90
  SINCE JAN 1      3.84                      6.39  -2.55     9.74

SNOWFALL (IN)
  TODAY            0.0
  MONTH TO DATE    0.0
  SINCE MAR 1      0.0
  SINCE JUL 1      1.0
  SNOW DEPTH       0

DEGREE DAYS
 HEATING
  TODAY            0                         0      0        0
  MONTH TO DATE   17                        15      2        0
  SINCE MAR 1     42                        96    -54       16
  SINCE JUL 1    871                       896    -25      368

 COOLING
  TODAY            8                         8      0       11
  MONTH TO DATE  116                       125     -9      168
  SINCE MAR 1    321                       240     81      371
  SINCE JAN 1    443                       316    127      640
..................................................................


WIND (MPH)
  HIGHEST WIND SPEED    20   HIGHEST WIND DIRECTION    SE (130)
  HIGHEST GUST SPEED    27   HIGHEST GUST DIRECTION    SE (130)


SKY COVER
  POSSIBLE SUNSHINE  MM
  AVERAGE SKY COVER 0.6


WEATHER CONDITIONS
 THE FOLLOWING WEATHER WAS RECORDED TODAY.
  NO SIGNIFICANT WEATHER WAS OBSERVED.


RELATIVE HUMIDITY (PERCENT)
 HIGHEST   100           700 AM
 LOWEST     62           300 PM
 AVERAGE    81

..........................................................


THE CORPUS CHRISTI CLIMATE NORMALS FOR TOMORROW
                         NORMAL    RECORD    YEAR
 MAXIMUM TEMPERATURE (F)   82        94      1984
 MINIMUM TEMPERATURE (F)   64        46      2008


SUNRISE AND SUNSET
APRIL 18 2018.........SUNRISE   702 AM CDT   SUNSET   757 PM CDT
APRIL 19 2018.........SUNRISE   701 AM CDT   SUNSET   757 PM CDT


-  INDICATES NEGATIVE NUMBERS.
R  INDICATES RECORD WAS SET OR TIED.
MM INDICATES DATA IS MISSING.
T  INDICATES TRACE AMOUNT.




$$
