000
CDUS41 KRLX 242124
CLICRW


CLIMATE REPORT
NATIONAL WEATHER SERVICE CHARLESTON WV
524 PM EDT THU MAY 24 2018


...................................

...THE CHARLESTON WV CLIMATE SUMMARY FOR MAY 24 2018...
VALID TODAY AS OF 0500 PM LOCAL TIME.

CLIMATE NORMAL PERIOD 1981 TO 2010
CLIMATE RECORD PERIOD 1901 TO 2018


WEATHER ITEM   OBSERVED TIME   RECORD YEAR NORMAL DEPARTURE LAST
                VALUE   (LST)  VALUE       VALUE  FROM      YEAR
                                                  NORMAL
..................................................................
TEMPERATURE (F)
 TODAY
  MAXIMUM         85    359 PM  92    1939  76      9       72
                                      1922
  MINIMUM         54    544 AM  32    1963  55     -1       59
  AVERAGE         70                        66      4       66

PRECIPITATION (IN)
  TODAY            0.00          1.25 1955   0.16  -0.16     1.07
  MONTH TO DATE    3.70                      3.65   0.05     5.05
  SINCE MAR 1     12.13                     10.80   1.33    12.02
  SINCE JAN 1     23.26                     16.99   6.27    19.32

DEGREE DAYS
 HEATING
  TODAY            0                         3     -3        0
  MONTH TO DATE    9                       103    -94       99
  SINCE MAR 1   1141                       997    144      816
  SINCE JUL 1   4412                      4451    -39     3523

 COOLING
  TODAY            5                         3      2        1
  MONTH TO DATE  153                        49    104       63
  SINCE MAR 1    166                        81     85      116
  SINCE JAN 1    175                        81     94      116
..................................................................


WIND (MPH)
  HIGHEST WIND SPEED     8   HIGHEST WIND DIRECTION    NE (30)
  HIGHEST GUST SPEED    13   HIGHEST GUST DIRECTION    NE (50)
  AVERAGE WIND SPEED     1.9


SKY COVER
  POSSIBLE SUNSHINE  MM
  AVERAGE SKY COVER 0.4


WEATHER CONDITIONS
 THE FOLLOWING WEATHER WAS RECORDED TODAY.
  FOG
  FOG W/VISIBILITY <= 1/4 MILE


RELATIVE HUMIDITY (PERCENT)
 HIGHEST   100           100 AM
 LOWEST     44           400 PM
 AVERAGE    72

..........................................................


THE CHARLESTON WV CLIMATE NORMALS FOR TOMORROW
                         NORMAL    RECORD    YEAR
 MAXIMUM TEMPERATURE (F)   77        92      1991
                                             1970
                                             1939
 MINIMUM TEMPERATURE (F)   55        33      1956


SUNRISE AND SUNSET
MAY 24 2018...........SUNRISE   608 AM EDT   SUNSET   838 PM EDT
MAY 25 2018...........SUNRISE   608 AM EDT   SUNSET   839 PM EDT


-  INDICATES NEGATIVE NUMBERS.
R  INDICATES RECORD WAS SET OR TIED.
MM INDICATES DATA IS MISSING.
T  INDICATES TRACE AMOUNT.




$$
