000
CDUS42 KFFC 252044
CLICSG


CLIMATE REPORT
NATIONAL WEATHER SERVICE PEACHTREE CITY GA
443 PM EDT WED APR 25 2018


...................................

...THE COLUMBUS CLIMATE SUMMARY FOR APRIL 25 2018...
VALID TODAY AS OF 0400 PM LOCAL TIME.

CLIMATE NORMAL PERIOD 1981 TO 2010
CLIMATE RECORD PERIOD 1948 TO 2018


WEATHER ITEM   OBSERVED TIME   RECORD YEAR NORMAL DEPARTURE LAST
                VALUE   (LST)  VALUE       VALUE  FROM      YEAR
                                                  NORMAL
..................................................................
TEMPERATURE (F)
 TODAY
  MAXIMUM         72    325 PM  91    1932  79     -7       82
  MINIMUM         55    618 AM  38    1910  55      0       56
  AVERAGE         64                        67     -3       69

PRECIPITATION (IN)
  TODAY            0.00          1.83 1973   0.10  -0.10     0.00
  MONTH TO DATE    4.33                      3.01   1.32     2.37
  SINCE MAR 1      7.48                      8.47  -0.99     3.90
  SINCE JAN 1     12.64                     16.76  -4.12    18.16

SNOWFALL (IN)
  TODAY            0.0           0.0  2002   0.0    0.0      0.0
                                      2001
                                      2000
  MONTH TO DATE    0.0                       0.0    0.0      0.0
  SINCE MAR 1      0.0                       0.1   -0.1      0.0
  SINCE JUL 1      2.0                       0.4    1.6      0.0
  SNOW DEPTH       0

DEGREE DAYS
 HEATING
  TODAY            1                         2     -1        0
  MONTH TO DATE   78                        85     -7       23
  SINCE MAR 1    330                       331     -1      226
  SINCE JUL 1   1787                      2108   -321     1356

 COOLING
  TODAY            0                         4     -4        4
  MONTH TO DATE   34                        58    -24      128
  SINCE MAR 1     59                        81    -22      198
  SINCE JAN 1    131                        85     46      215
..................................................................


WIND (MPH)
  RESULTANT WIND SPEED   8   RESULTANT WIND DIRECTION  NW (320)
  HIGHEST WIND SPEED    17   HIGHEST WIND DIRECTION     N (340)
  HIGHEST GUST SPEED    22   HIGHEST GUST DIRECTION     W (290)
  AVERAGE WIND SPEED     8.3


SKY COVER
  AVERAGE SKY COVER 0.4


WEATHER CONDITIONS
 THE FOLLOWING WEATHER WAS RECORDED TODAY.
  NO SIGNIFICANT WEATHER WAS OBSERVED.


RELATIVE HUMIDITY (PERCENT)
 HIGHEST    93           300 AM
 LOWEST     49           200 PM
 AVERAGE    71

..........................................................


THE COLUMBUS CLIMATE NORMALS FOR TOMORROW
                         NORMAL    RECORD    YEAR
 MAXIMUM TEMPERATURE (F)   79        91      1986
 MINIMUM TEMPERATURE (F)   55        34      1910


SUNRISE AND SUNSET
APRIL 25 2018.........SUNRISE   659 AM EDT   SUNSET   817 PM EDT
APRIL 26 2018.........SUNRISE   658 AM EDT   SUNSET   817 PM EDT


-  INDICATES NEGATIVE NUMBERS.
R  INDICATES RECORD WAS SET OR TIED.
MM INDICATES DATA IS MISSING.
T  INDICATES TRACE AMOUNT.




$$
