000
CDUS42 KTAE 190644
CLICTY


CLIMATE REPORT
NATIONAL WEATHER SERVICE TALLAHASSEE FL
244 AM EDT TUE JUN 19 2018


...................................

...THE CROSS CITY  CLIMATE SUMMARY FOR JUNE 18 2018...

CLIMATE NORMAL PERIOD 1981 TO 2010
CLIMATE RECORD PERIOD 1948 TO 2018


WEATHER ITEM   OBSERVED TIME   NORMAL DEPARTURE LAST
                VALUE   (LST)  VALUE  FROM      YEAR
                                      NORMAL
......................................................
TEMPERATURE (F)
 YESTERDAY
  MAXIMUM         92        MM  91      1       91
  MINIMUM         71        MM  70      1       72
  AVERAGE         82            80      2

PRECIPITATION (IN)
  YESTERDAY        0.00          0.20  -0.20     0.09
  MONTH TO DATE    1.96          2.78  -0.82    12.39
  SINCE JUN 1      1.96          2.78  -0.82    12.39
  SINCE JAN 1     28.27         19.95   8.32    22.55

DEGREE DAYS
 HEATING
  YESTERDAY        0             0      0
  MONTH TO DATE    0             0      0
  SINCE JUN 1      0             0      0
  SINCE JUL 1   1164          1306   -142

 COOLING
  YESTERDAY       17            15      2
  MONTH TO DATE  256           261     -5
  SINCE JUN 1    256           261     -5
  SINCE JAN 1    823           740     83
......................................................


WIND (MPH)
  RESULTANT WIND SPEED   1   RESULTANT WIND DIRECTION   W (280)
  HIGHEST WIND SPEED    14   HIGHEST WIND DIRECTION     W (250)
  HIGHEST GUST SPEED    22   HIGHEST GUST DIRECTION     W (250)
  AVERAGE WIND SPEED     2.9



WEATHER CONDITIONS
 THE FOLLOWING WEATHER WAS RECORDED YESTERDAY.
  THUNDERSTORM
  LIGHT RAIN
  HAZE


RELATIVE HUMIDITY (PERCENT)
 HIGHEST   100
 LOWEST     58

..........................................................




SUNRISE AND SUNSET
JUNE 19 2018..........SUNRISE   632 AM EDT   SUNSET   835 PM EDT
JUNE 20 2018..........SUNRISE   633 AM EDT   SUNSET   835 PM EDT


-  INDICATES NEGATIVE NUMBERS.
R  INDICATES RECORD WAS SET OR TIED.
MM INDICATES DATA IS MISSING.
T  INDICATES TRACE AMOUNT.




$$
