000
CDUS41 KRNK 242107
CLIDAN


CLIMATE REPORT
NATIONAL WEATHER SERVICE BLACKSBURG VA
506 PM EDT TUE APR 24 2018


...................................

...THE DANVILLE VA CLIMATE SUMMARY FOR APRIL 24 2018...
VALID TODAY AS OF 0500 PM LOCAL TIME.

CLIMATE NORMAL PERIOD 1981 TO 2010
CLIMATE RECORD PERIOD 1948 TO 2018


WEATHER ITEM   OBSERVED TIME   RECORD YEAR NORMAL DEPARTURE LAST
                VALUE   (LST)  VALUE       VALUE  FROM      YEAR
                                                  NORMAL
..................................................................
TEMPERATURE (F)
 TODAY
  MAXIMUM         60   1244 PM  95    1960  73    -13       53
  MINIMUM         50    500 AM  29    2012  49      1       48
  AVERAGE         55                        61     -6       51

PRECIPITATION (IN)
  TODAY            0.91          1.94 2017   0.12   0.79     1.94
  MONTH TO DATE    3.42                      2.81   0.61     5.58
  SINCE MAR 1      6.97                      6.92   0.05     8.23
  SINCE JAN 1     12.19                     13.35  -1.16    13.00

SNOWFALL (IN)
  TODAY            0.0                                       0.0
  MONTH TO DATE    T                                         0.0
  SINCE MAR 1      7.4                                        T
  SINCE JUL 1     21.1                                       8.8
  SNOW DEPTH       0

DEGREE DAYS
 HEATING
  TODAY           10                         5      5       14
  MONTH TO DATE  262                       202     60      128
  SINCE MAR 1    880                       712    168      606
  SINCE JUL 1   3545                      3713   -168     3062

 COOLING
  TODAY            0                         1     -1        0
  MONTH TO DATE   14                        23     -9       41
  SINCE MAR 1     15                        26    -11       44
  SINCE JAN 1     15                        26    -11       49
..................................................................


WIND (MPH)
  HIGHEST WIND SPEED    17   HIGHEST WIND DIRECTION    NE (50)
  HIGHEST GUST SPEED    22   HIGHEST GUST DIRECTION    NE (60)
  AVERAGE WIND SPEED     9.7


SKY COVER
  AVERAGE SKY COVER 1.0


WEATHER CONDITIONS
 THE FOLLOWING WEATHER WAS RECORDED TODAY.
  RAIN
  LIGHT RAIN
  FOG


RELATIVE HUMIDITY (PERCENT)
 HIGHEST   100          1200 AM
 LOWEST    100          1200 AM
 AVERAGE   100

..........................................................


THE DANVILLE VA CLIMATE NORMALS FOR TOMORROW
                         NORMAL    RECORD    YEAR
 MAXIMUM TEMPERATURE (F)   73        95      1960
 MINIMUM TEMPERATURE (F)   49        33      2012
                                             1949


SUNRISE AND SUNSET
APRIL 24 2018.........SUNRISE   632 AM EDT   SUNSET   759 PM EDT
APRIL 25 2018.........SUNRISE   631 AM EDT   SUNSET   800 PM EDT


-  INDICATES NEGATIVE NUMBERS.
R  INDICATES RECORD WAS SET OR TIED.
MM INDICATES DATA IS MISSING.
T  INDICATES TRACE AMOUNT.

REMARKS:
DUE TO MISSING DATA FROM JANUARY 4-9, 21-22, AND MARCH 2-3...ALL
INFORMATION WILL BE CALCULATED WITHOUT DATA FROM THESE DATES.


$$
